Last updated on 2019-11-26 00:52:03 CET.
Flavor | Version | Tinstall | Tcheck | Ttotal | Status | Flags |
---|---|---|---|---|---|---|
r-devel-linux-x86_64-debian-clang | 1.0.0 | 11.75 | 35.66 | 47.41 | OK | |
r-devel-linux-x86_64-debian-gcc | 1.0.0 | 11.04 | 28.26 | 39.30 | OK | |
r-devel-linux-x86_64-fedora-clang | 1.0.0 | 57.82 | NOTE | |||
r-devel-linux-x86_64-fedora-gcc | 1.0.0 | 56.98 | NOTE | |||
r-devel-windows-ix86+x86_64 | 1.0.0 | 27.00 | 50.00 | 77.00 | OK | |
r-devel-windows-ix86+x86_64-gcc8 | 1.0.0 | 18.00 | 47.00 | 65.00 | OK | |
r-patched-linux-x86_64 | 1.0.0 | 11.49 | 33.01 | 44.50 | OK | |
r-patched-solaris-x86 | 1.0.0 | 95.80 | NOTE | |||
r-release-linux-x86_64 | 1.0.0 | 10.99 | 34.00 | 44.99 | OK | |
r-release-windows-ix86+x86_64 | 1.0.0 | 25.00 | 46.00 | 71.00 | OK | |
r-release-osx-x86_64 | 1.0.0 | NOTE | ||||
r-oldrel-windows-ix86+x86_64 | 1.0.0 | 14.00 | 59.00 | 73.00 | OK | |
r-oldrel-osx-x86_64 | 1.0.0 | NOTE |
Version: 1.0.0
Check: dependencies in R code
Result: NOTE
Namespaces in Imports field not imported from:
‘here’ ‘tidyr’
All declared Imports should be used.
Flavors: r-devel-linux-x86_64-fedora-clang, r-devel-linux-x86_64-fedora-gcc, r-patched-solaris-x86, r-release-osx-x86_64, r-oldrel-osx-x86_64