CRAN Package Check Results for Package psychotree

Last updated on 2019-11-26 00:52:04 CET.

Flavor Version Tinstall Tcheck Ttotal Status Flags
r-devel-linux-x86_64-debian-clang 0.15-2 7.49 97.60 105.09 OK
r-devel-linux-x86_64-debian-gcc 0.15-2 6.49 76.57 83.06 OK
r-devel-linux-x86_64-fedora-clang 0.15-2 119.14 OK
r-devel-linux-x86_64-fedora-gcc 0.15-2 117.31 OK
r-devel-windows-ix86+x86_64 0.15-2 20.00 140.00 160.00 WARN
r-devel-windows-ix86+x86_64-gcc8 0.15-2 16.00 109.00 125.00 OK
r-patched-linux-x86_64 0.15-2 7.31 92.58 99.89 OK
r-patched-solaris-x86 0.15-2 177.00 OK
r-release-linux-x86_64 0.15-2 7.73 97.16 104.89 OK
r-release-windows-ix86+x86_64 0.15-2 23.00 142.00 165.00 OK
r-release-osx-x86_64 0.15-2 OK
r-oldrel-windows-ix86+x86_64 0.15-2 8.00 134.00 142.00 OK
r-oldrel-osx-x86_64 0.15-2 OK

Check Details

Version: 0.15-2
Check: re-building of vignette outputs
Result: WARN
    Error(s) in re-building vignettes:
    --- re-building 'raschtree.Rnw' using Sweave
    Loading required package: partykit
    Loading required package: grid
    Loading required package: libcoin
    Loading required package: mvtnorm
    Loading required package: psychotools
    
    Error: processing vignette 'raschtree.Rnw' failed with diagnostics:
     chunk 8 (label = fit_raschtree_cache)
    Error in save(my_first_raschtree, file = "raschtree-spisa.rda") :
     error writing to connection
    
    --- failed re-building 'raschtree.Rnw'
    
    SUMMARY: processing the following file failed:
     'raschtree.Rnw'
    
    Error: Vignette re-building failed.
    Execution halted
Flavor: r-devel-windows-ix86+x86_64