CRAN Package Check Results for Package qlcData

Last updated on 2019-11-26 00:52:04 CET.

Flavor Version Tinstall Tcheck Ttotal Status Flags
r-devel-linux-x86_64-debian-clang 0.2.1 5.10 48.32 53.42 WARN
r-devel-linux-x86_64-debian-gcc 0.2.1 3.93 38.18 42.11 OK
r-devel-linux-x86_64-fedora-clang 0.2.1 60.61 NOTE
r-devel-linux-x86_64-fedora-gcc 0.2.1 59.89 NOTE
r-devel-windows-ix86+x86_64 0.2.1 17.00 62.00 79.00 ERROR
r-devel-windows-ix86+x86_64-gcc8 0.2.1 14.00 61.00 75.00 OK
r-patched-linux-x86_64 0.2.1 4.60 45.82 50.42 OK
r-patched-solaris-x86 0.2.1 91.40 NOTE
r-release-linux-x86_64 0.2.1 4.36 45.95 50.31 OK
r-release-windows-ix86+x86_64 0.2.1 16.00 81.00 97.00 OK
r-release-osx-x86_64 0.2.1 NOTE
r-oldrel-windows-ix86+x86_64 0.2.1 6.00 92.00 98.00 OK
r-oldrel-osx-x86_64 0.2.1 NOTE

Check Details

Version: 0.2.1
Check: re-building of vignette outputs
Result: WARN
    Error(s) in re-building vignettes:
     ...
    --- re-building 'orthography_processing.Rmd' using rmarkdown
    Quitting from lines 70-72 (orthography_processing.Rmd)
    Error: processing vignette 'orthography_processing.Rmd' failed with diagnostics:
    invalid multibyte string, element 8
    --- failed re-building 'orthography_processing.Rmd'
    
    --- re-building 'recoding_nominal_data.Rmd' using rmarkdown
    --- finished re-building 'recoding_nominal_data.Rmd'
    
    SUMMARY: processing the following file failed:
     'orthography_processing.Rmd'
    
    Error: Vignette re-building failed.
    Execution halted
Flavor: r-devel-linux-x86_64-debian-clang

Version: 0.2.1
Check: data for non-ASCII characters
Result: NOTE
     Note: found 1459 marked UTF-8 strings
Flavors: r-devel-linux-x86_64-fedora-clang, r-devel-linux-x86_64-fedora-gcc, r-patched-solaris-x86, r-release-osx-x86_64, r-oldrel-osx-x86_64

Version: 0.2.1
Check: whether package can be installed
Result: ERROR
    
    See * DONE
Flavor: r-devel-windows-ix86+x86_64