CRAN Package Check Results for Package qsub

Last updated on 2019-11-26 00:52:04 CET.

Flavor Version Tinstall Tcheck Ttotal Status Flags
r-devel-linux-x86_64-debian-clang 1.1.0 5.77 45.61 51.38 OK
r-devel-linux-x86_64-debian-gcc 1.1.0 4.64 35.38 40.02 OK
r-devel-linux-x86_64-fedora-clang 1.1.0 58.84 OK
r-devel-linux-x86_64-fedora-gcc 1.1.0 57.89 OK
r-devel-windows-ix86+x86_64 1.1.0 28.00 90.00 118.00 ERROR
r-devel-windows-ix86+x86_64-gcc8 1.1.0 14.00 59.00 73.00 OK
r-patched-linux-x86_64 1.1.0 5.64 43.46 49.10 OK
r-release-linux-x86_64 1.1.0 5.91 44.55 50.46 OK
r-release-windows-ix86+x86_64 1.1.0 22.00 64.00 86.00 OK
r-release-osx-x86_64 1.1.0 OK
r-oldrel-windows-ix86+x86_64 1.1.0 8.00 86.00 94.00 OK
r-oldrel-osx-x86_64 1.1.0 OK

Check Details

Version: 1.1.0
Check: whether package can be installed
Result: ERROR
    Installation failed.
    See 'd:/Rcompile/CRANpkg/local/4.0/qsub.Rcheck/00install.out'* DONE
Flavor: r-devel-windows-ix86+x86_64