CRAN Package Check Results for Package qtlnet

Last updated on 2019-11-26 00:52:04 CET.

Flavor Version Tinstall Tcheck Ttotal Status Flags
r-devel-linux-x86_64-debian-clang 1.4.4 21.01 175.46 196.47 NOTE
r-devel-linux-x86_64-debian-gcc 1.4.4 20.15 135.72 155.87 NOTE
r-devel-linux-x86_64-fedora-clang 1.4.4 218.69 NOTE
r-devel-linux-x86_64-fedora-gcc 1.4.4 217.48 NOTE
r-devel-windows-ix86+x86_64 1.4.4 50.00 231.00 281.00 ERROR
r-devel-windows-ix86+x86_64-gcc8 1.4.4 34.00 169.00 203.00 OK
r-patched-linux-x86_64 1.4.4 18.01 167.03 185.04 OK
r-patched-solaris-x86 1.4.4 340.20 OK
r-release-linux-x86_64 1.4.4 19.04 169.90 188.94 OK
r-release-windows-ix86+x86_64 1.4.4 42.00 219.00 261.00 OK
r-release-osx-x86_64 1.4.4 OK
r-oldrel-windows-ix86+x86_64 1.4.4 23.00 219.00 242.00 OK
r-oldrel-osx-x86_64 1.4.4 OK

Check Details

Version: 1.4.4
Check: for non-standard things in the check directory
Result: NOTE
    Found the following files/directories:
     'Pscdbp.txt'
Flavors: r-devel-linux-x86_64-debian-clang, r-devel-linux-x86_64-debian-gcc, r-devel-linux-x86_64-fedora-clang, r-devel-linux-x86_64-fedora-gcc

Version: 1.4.4
Check: whether package can be installed
Result: ERROR
    Installation failed.
    See 'd:/Rcompile/CRANpkg/local/4.0/qtlnet.Rcheck/00install.out'
Flavor: r-devel-windows-ix86+x86_64