Last updated on 2019-11-26 00:52:04 CET.
Flavor | Version | Tinstall | Tcheck | Ttotal | Status | Flags |
---|---|---|---|---|---|---|
r-devel-linux-x86_64-debian-clang | 0.1.0 | 2.78 | 22.92 | 25.70 | OK | |
r-devel-linux-x86_64-debian-gcc | 0.1.0 | 2.50 | 18.74 | 21.24 | OK | |
r-devel-linux-x86_64-fedora-clang | 0.1.0 | 31.66 | NOTE | |||
r-devel-linux-x86_64-fedora-gcc | 0.1.0 | 30.09 | NOTE | |||
r-devel-windows-ix86+x86_64 | 0.1.0 | 9.00 | 49.00 | 58.00 | OK | |
r-devel-windows-ix86+x86_64-gcc8 | 0.1.0 | 8.00 | 35.00 | 43.00 | OK | |
r-patched-linux-x86_64 | 0.1.0 | 2.81 | 22.36 | 25.17 | OK | |
r-patched-solaris-x86 | 0.1.0 | 46.10 | NOTE | |||
r-release-linux-x86_64 | 0.1.0 | 2.67 | 22.27 | 24.94 | OK | |
r-release-windows-ix86+x86_64 | 0.1.0 | 7.00 | 37.00 | 44.00 | OK | |
r-release-osx-x86_64 | 0.1.0 | NOTE | ||||
r-oldrel-windows-ix86+x86_64 | 0.1.0 | 3.00 | 47.00 | 50.00 | OK | |
r-oldrel-osx-x86_64 | 0.1.0 | NOTE |
Version: 0.1.0
Check: data for non-ASCII characters
Result: NOTE
Note: found 12928 marked UTF-8 strings
Flavors: r-devel-linux-x86_64-fedora-clang, r-devel-linux-x86_64-fedora-gcc, r-patched-solaris-x86, r-release-osx-x86_64, r-oldrel-osx-x86_64