CRAN Package Check Results for Package rPraat

Last updated on 2019-11-26 00:52:09 CET.

Flavor Version Tinstall Tcheck Ttotal Status Flags
r-devel-linux-x86_64-debian-clang 1.2.0-2 16.08 88.50 104.58 ERROR
r-devel-linux-x86_64-debian-gcc 1.2.0-2 13.11 66.45 79.56 ERROR
r-devel-linux-x86_64-fedora-clang 1.2.0-2 116.85 OK
r-devel-linux-x86_64-fedora-gcc 1.2.0-2 113.01 OK
r-devel-windows-ix86+x86_64 1.2.0-2 32.00 137.00 169.00 OK
r-devel-windows-ix86+x86_64-gcc8 1.2.0-2 22.00 98.00 120.00 OK
r-patched-linux-x86_64 1.2.0-2 15.45 84.79 100.24 OK
r-patched-solaris-x86 1.2.0-2 171.50 OK
r-release-linux-x86_64 1.2.0-2 15.33 87.71 103.04 OK
r-release-windows-ix86+x86_64 1.2.0-2 29.00 96.00 125.00 OK
r-release-osx-x86_64 1.2.0-2 OK
r-oldrel-windows-ix86+x86_64 1.2.0-2 21.00 115.00 136.00 OK
r-oldrel-osx-x86_64 1.2.0-2 OK

Check Details

Version: 1.2.0-2
Check: tests
Result: ERROR
     Running 'testthat.R' [20s/21s]
    Running the tests in 'tests/testthat.R' failed.
    Complete output:
     > library(testthat)
     > library(rPraat)
     >
     > test_check("rPraat")
     -- 1. Failure: snd.sample (@test_rpraat.R#54) ---------------------------------
     class(snd.sample()$sig) not equal to "matrix".
     Lengths differ: 2 is not 1
    
     == testthat results ===========================================================
     [ OK: 474 | SKIPPED: 0 | WARNINGS: 0 | FAILED: 1 ]
     1. Failure: snd.sample (@test_rpraat.R#54)
    
     Error: testthat unit tests failed
     Execution halted
Flavor: r-devel-linux-x86_64-debian-clang

Version: 1.2.0-2
Check: tests
Result: ERROR
     Running ‘testthat.R’ [14s/20s]
    Running the tests in ‘tests/testthat.R’ failed.
    Complete output:
     > library(testthat)
     > library(rPraat)
     >
     > test_check("rPraat")
     ── 1. Failure: snd.sample (@test_rpraat.R#54) ─────────────────────────────────
     class(snd.sample()$sig) not equal to "matrix".
     Lengths differ: 2 is not 1
    
     ══ testthat results ═══════════════════════════════════════════════════════════
     [ OK: 474 | SKIPPED: 0 | WARNINGS: 0 | FAILED: 1 ]
     1. Failure: snd.sample (@test_rpraat.R#54)
    
     Error: testthat unit tests failed
     Execution halted
Flavor: r-devel-linux-x86_64-debian-gcc