Last updated on 2019-11-26 00:52:05 CET.
Flavor | Version | Tinstall | Tcheck | Ttotal | Status | Flags |
---|---|---|---|---|---|---|
r-devel-linux-x86_64-debian-clang | 0.1.2 | 4.05 | 48.39 | 52.44 | OK | |
r-devel-linux-x86_64-debian-gcc | 0.1.2 | 2.91 | 38.91 | 41.82 | OK | |
r-devel-linux-x86_64-fedora-clang | 0.1.2 | 60.37 | NOTE | |||
r-devel-linux-x86_64-fedora-gcc | 0.1.2 | 60.34 | NOTE | |||
r-devel-windows-ix86+x86_64 | 0.1.2 | 28.00 | 65.00 | 93.00 | OK | |
r-devel-windows-ix86+x86_64-gcc8 | 0.1.2 | 14.00 | 62.00 | 76.00 | OK | |
r-patched-linux-x86_64 | 0.1.2 | 3.08 | 47.24 | 50.32 | OK | |
r-patched-solaris-x86 | 0.1.2 | 86.50 | NOTE | |||
r-release-linux-x86_64 | 0.1.2 | 3.70 | 47.24 | 50.94 | OK | |
r-release-windows-ix86+x86_64 | 0.1.2 | 15.00 | 67.00 | 82.00 | OK | |
r-release-osx-x86_64 | 0.1.2 | NOTE | ||||
r-oldrel-windows-ix86+x86_64 | 0.1.2 | 4.00 | 54.00 | 58.00 | OK | |
r-oldrel-osx-x86_64 | 0.1.2 | NOTE |
Version: 0.1.2
Check: dependencies in R code
Result: NOTE
Namespaces in Imports field not imported from:
‘ENMeval’ ‘MASS’ ‘biomod2’ ‘dismo’ ‘dplyr’ ‘ecospat’ ‘googlesheets’
‘jsonlite’ ‘rgbif’ ‘rgdal’ ‘rgeos’ ‘sp’ ‘spThin’ ‘spatstat’
All declared Imports should be used.
Flavors: r-devel-linux-x86_64-fedora-clang, r-devel-linux-x86_64-fedora-gcc, r-patched-solaris-x86, r-release-osx-x86_64, r-oldrel-osx-x86_64