Last updated on 2019-11-26 00:52:05 CET.
Flavor | Version | Tinstall | Tcheck | Ttotal | Status | Flags |
---|---|---|---|---|---|---|
r-devel-linux-x86_64-debian-clang | 0.3.1 | 3.25 | 23.42 | 26.67 | OK | |
r-devel-linux-x86_64-debian-gcc | 0.3.1 | 2.47 | 19.06 | 21.53 | OK | |
r-devel-linux-x86_64-fedora-clang | 0.3.1 | 31.25 | NOTE | |||
r-devel-linux-x86_64-fedora-gcc | 0.3.1 | 30.67 | NOTE | |||
r-devel-windows-ix86+x86_64 | 0.3.1 | 14.00 | 62.00 | 76.00 | OK | |
r-devel-windows-ix86+x86_64-gcc8 | 0.3.1 | 17.00 | 47.00 | 64.00 | OK | |
r-patched-linux-x86_64 | 0.3.1 | 2.03 | 22.50 | 24.53 | OK | |
r-patched-solaris-x86 | 0.3.1 | 45.50 | OK | |||
r-release-linux-x86_64 | 0.3.1 | 2.06 | 22.84 | 24.90 | OK | |
r-release-windows-ix86+x86_64 | 0.3.1 | 18.00 | 44.00 | 62.00 | OK | |
r-release-osx-x86_64 | 0.3.1 | OK | ||||
r-oldrel-windows-ix86+x86_64 | 0.3.1 | 10.00 | 55.00 | 65.00 | OK | |
r-oldrel-osx-x86_64 | 0.3.1 | OK |
Version: 0.3.1
Check: compiled code
Result: NOTE
File ‘rappdirs/libs/rappdirs.so’:
Found no calls to: ‘R_registerRoutines’, ‘R_useDynamicSymbols’
It is good practice to register native routines and to disable symbol
search.
See ‘Writing portable packages’ in the ‘Writing R Extensions’ manual.
Flavors: r-devel-linux-x86_64-fedora-clang, r-devel-linux-x86_64-fedora-gcc