Last updated on 2019-11-26 00:52:05 CET.
Flavor | Version | Tinstall | Tcheck | Ttotal | Status | Flags |
---|---|---|---|---|---|---|
r-devel-linux-x86_64-debian-clang | 0.1.4 | 190.24 | 226.03 | 416.27 | NOTE | |
r-devel-linux-x86_64-debian-gcc | 0.1.4 | 145.28 | 172.33 | 317.61 | NOTE | |
r-devel-linux-x86_64-fedora-clang | 0.1.4 | 548.91 | NOTE | |||
r-devel-linux-x86_64-fedora-gcc | 0.1.4 | 522.12 | NOTE | |||
r-devel-windows-ix86+x86_64 | 0.1.4 | 464.00 | 498.00 | 962.00 | NOTE | |
r-devel-windows-ix86+x86_64-gcc8 | 0.1.4 | 388.00 | 380.00 | 768.00 | NOTE | |
r-patched-linux-x86_64 | 0.1.4 | 152.08 | 218.74 | 370.82 | NOTE | |
r-patched-solaris-x86 | 0.1.4 | 768.60 | NOTE | |||
r-release-linux-x86_64 | 0.1.4 | 156.08 | 218.68 | 374.76 | NOTE | |
r-release-windows-ix86+x86_64 | 0.1.4 | 440.00 | 427.00 | 867.00 | NOTE | |
r-release-osx-x86_64 | 0.1.4 | NOTE | ||||
r-oldrel-windows-ix86+x86_64 | 0.1.4 | 315.00 | 343.00 | 658.00 | NOTE | |
r-oldrel-osx-x86_64 | 0.1.4 | NOTE |
Version: 0.1.4
Check: package dependencies
Result: NOTE
Package suggested but not available for checking: 'gurobi'
Flavors: r-devel-linux-x86_64-debian-clang, r-devel-linux-x86_64-debian-gcc, r-devel-linux-x86_64-fedora-clang, r-devel-linux-x86_64-fedora-gcc, r-devel-windows-ix86+x86_64, r-devel-windows-ix86+x86_64-gcc8, r-patched-linux-x86_64, r-patched-solaris-x86, r-release-linux-x86_64, r-release-windows-ix86+x86_64, r-release-osx-x86_64, r-oldrel-windows-ix86+x86_64, r-oldrel-osx-x86_64
Version: 0.1.4
Check: installed package size
Result: NOTE
installed size is 17.4Mb
sub-directories of 1Mb or more:
data 3.6Mb
doc 1.4Mb
libs 11.8Mb
Flavors: r-devel-linux-x86_64-fedora-clang, r-devel-windows-ix86+x86_64, r-devel-windows-ix86+x86_64-gcc8, r-patched-solaris-x86, r-release-windows-ix86+x86_64, r-release-osx-x86_64, r-oldrel-windows-ix86+x86_64, r-oldrel-osx-x86_64