Last updated on 2019-11-26 00:52:05 CET.
Flavor | Version | Tinstall | Tcheck | Ttotal | Status | Flags |
---|---|---|---|---|---|---|
r-devel-linux-x86_64-debian-clang | 0.1.0 | 7.52 | 122.11 | 129.63 | OK | |
r-devel-linux-x86_64-debian-gcc | 0.1.0 | 6.04 | 93.86 | 99.90 | OK | |
r-devel-linux-x86_64-fedora-clang | 0.1.0 | 144.80 | NOTE | |||
r-devel-linux-x86_64-fedora-gcc | 0.1.0 | 144.63 | NOTE | |||
r-devel-windows-ix86+x86_64 | 0.1.0 | 25.00 | 300.00 | 325.00 | OK | |
r-devel-windows-ix86+x86_64-gcc8 | 0.1.0 | 14.00 | 257.00 | 271.00 | OK | |
r-patched-linux-x86_64 | 0.1.0 | 6.71 | 120.86 | 127.57 | OK | |
r-patched-solaris-x86 | 0.1.0 | 164.50 | WARN | |||
r-release-linux-x86_64 | 0.1.0 | 5.78 | 121.65 | 127.43 | OK | |
r-release-windows-ix86+x86_64 | 0.1.0 | 18.00 | 338.00 | 356.00 | OK | |
r-release-osx-x86_64 | 0.1.0 | NOTE | ||||
r-oldrel-windows-ix86+x86_64 | 0.1.0 | 7.00 | 341.00 | 348.00 | OK | |
r-oldrel-osx-x86_64 | 0.1.0 | NOTE |
Version: 0.1.0
Check: data for non-ASCII characters
Result: NOTE
Note: found 12 marked UTF-8 strings
Flavors: r-devel-linux-x86_64-fedora-clang, r-devel-linux-x86_64-fedora-gcc, r-patched-solaris-x86, r-release-osx-x86_64, r-oldrel-osx-x86_64
Version: 0.1.0
Check: re-building of vignette outputs
Result: WARN
Error(s) in re-building vignettes:
...
--- re-building ‘raustats_introduction.Rmd’ using rmarkdown
Warning in engine$weave(file, quiet = quiet, encoding = enc) :
Pandoc (>= 1.12.3) and/or pandoc-citeproc not available. Falling back to R Markdown v1.
Loading required package: readxl
Attaching package: 'raustats'
Navigating to /AUSSTATS/abs@.nsf/DetailsPage/5206.0Jun%202019?OpenDocument
Navigating to /AUSSTATS/abs@.nsf/DetailsPage/5206.0Jun%202019?OpenDocument
Navigating to /AUSSTATS/abs@.nsf/DetailsPage/6401.0Sep%202019?OpenDocument
Navigating to /AUSSTATS/abs@.nsf/DetailsPage/5206.0Dec%202017?OpenDocument
Navigating to /AUSSTATS/abs@.nsf/DetailsPage/5206.0Sep%202017?OpenDocument
Navigating to /AUSSTATS/abs@.nsf/DetailsPage/1270.0.55.001July%202016?OpenDocument
Navigating to /AUSSTATS/abs@.nsf/DetailsPage/5206.0Jun%202019?OpenDocument
Quitting from lines 636-639 (raustats_introduction.Rmd)
Error: processing vignette 'raustats_introduction.Rmd' failed with diagnostics:
Timeout was reached: [stat.data.abs.gov.au] Resolving timed out after 10010 milliseconds
--- failed re-building ‘raustats_introduction.Rmd’
SUMMARY: processing the following file failed:
‘raustats_introduction.Rmd’
Error: Vignette re-building failed.
Execution halted
Flavor: r-patched-solaris-x86