CRAN Package Check Results for Package reshapeGUI

Last updated on 2019-11-26 00:52:08 CET.

Flavor Version Tinstall Tcheck Ttotal Status Flags
r-devel-linux-x86_64-debian-clang 0.1.0 6.91 50.56 57.47 NOTE
r-devel-linux-x86_64-debian-gcc 0.1.0 6.86 39.87 46.73 NOTE
r-devel-linux-x86_64-fedora-clang 0.1.0 74.76 NOTE
r-devel-linux-x86_64-fedora-gcc 0.1.0 64.73 NOTE
r-devel-windows-ix86+x86_64 0.1.0 149.00 7.00 156.00 ERROR
r-devel-windows-ix86+x86_64-gcc8 0.1.0 58.00 6.00 64.00 ERROR
r-patched-linux-x86_64 0.1.0 6.67 46.74 53.41 NOTE
r-patched-solaris-x86 0.1.0 104.80 NOTE
r-release-linux-x86_64 0.1.0 5.45 48.41 53.86 NOTE
r-release-windows-ix86+x86_64 0.1.0 18.00 63.00 81.00 NOTE
r-release-osx-x86_64 0.1.0 NOTE
r-oldrel-windows-ix86+x86_64 0.1.0 9.00 84.00 93.00 NOTE
r-oldrel-osx-x86_64 0.1.0 NOTE

Check Details

Version: 0.1.0
Check: DESCRIPTION meta-information
Result: NOTE
    Malformed Title field: should not end in a period.
Flavors: r-devel-linux-x86_64-debian-clang, r-devel-linux-x86_64-debian-gcc, r-devel-linux-x86_64-fedora-clang, r-devel-linux-x86_64-fedora-gcc, r-patched-linux-x86_64, r-patched-solaris-x86, r-release-linux-x86_64, r-release-windows-ix86+x86_64, r-release-osx-x86_64, r-oldrel-windows-ix86+x86_64, r-oldrel-osx-x86_64

Version: 0.1.0
Check: top-level files
Result: NOTE
    Non-standard file/directory found at top level:
     'load.r'
Flavors: r-devel-linux-x86_64-debian-clang, r-devel-linux-x86_64-debian-gcc, r-devel-linux-x86_64-fedora-clang, r-devel-linux-x86_64-fedora-gcc, r-patched-linux-x86_64, r-release-linux-x86_64

Version: 0.1.0
Check: dependencies in R code
Result: NOTE
    Packages in Depends field not imported from:
     'gWidgets' 'gWidgetsRGtk2' 'plyr' 'reshape2'
     These packages need to be imported from (in the NAMESPACE file)
     for when this namespace is loaded but not attached.
Flavors: r-devel-linux-x86_64-debian-clang, r-devel-linux-x86_64-debian-gcc, r-devel-linux-x86_64-fedora-clang, r-devel-linux-x86_64-fedora-gcc, r-patched-linux-x86_64, r-patched-solaris-x86, r-release-linux-x86_64, r-release-windows-ix86+x86_64, r-release-osx-x86_64, r-oldrel-windows-ix86+x86_64, r-oldrel-osx-x86_64

Version: 0.1.0
Check: R code for possible problems
Result: NOTE
    reshapeGUI: no visible global function definition for 'gwindow'
    reshapeGUI: no visible global function definition for 'gnotebook'
    reshapeGUI: no visible global function definition for 'size<-'
    reshapeGUI: no visible global function definition for 'ggroup'
    reshapeGUI: no visible global function definition for 'gtable'
    reshapeGUI: no visible global function definition for 'addSpring'
    reshapeGUI: no visible global function definition for 'gbutton'
    reshapeGUI: no visible global function definition for 'glabel'
    reshapeGUI: no visible global function definition for 'gedit'
    reshapeGUI: no visible global function definition for 'gcheckbox'
    reshapeGUI: no visible global function definition for 'gdf'
    reshapeGUI: no visible global function definition for 'visible<-'
    reshapeGUI: no visible global function definition for
     'addHandlerClicked'
    reshapeGUI : <anonymous>: no visible global function definition for
     'gmessage'
    reshapeGUI : <anonymous>: no visible global function definition for
     'svalue'
    reshapeGUI : <anonymous>: no visible global function definition for
     'svalue<-'
    reshapeGUI : <anonymous>: no visible global function definition for
     'delete'
    reshapeGUI : <anonymous>: no visible global function definition for
     'add'
    reshapeGUI : <anonymous>: no visible global function definition for
     'gdf'
    reshapeGUI : <anonymous>: no visible global function definition for
     'visible<-'
    reshapeGUI: no visible global function definition for
     'addHandlerChanged'
    updateMeltCodeBox: no visible global function definition for 'svalue<-'
    Undefined global functions or variables:
     add addHandlerChanged addHandlerClicked addSpring delete gbutton
     gcheckbox gdf gedit ggroup glabel gmessage gnotebook gtable gwindow
     size<- svalue svalue<- visible<-
Flavors: r-devel-linux-x86_64-debian-clang, r-devel-linux-x86_64-debian-gcc, r-devel-linux-x86_64-fedora-clang, r-devel-linux-x86_64-fedora-gcc, r-patched-linux-x86_64, r-patched-solaris-x86, r-release-linux-x86_64, r-release-windows-ix86+x86_64, r-release-osx-x86_64, r-oldrel-windows-ix86+x86_64, r-oldrel-osx-x86_64

Version: 0.1.0
Check: whether package can be installed
Result: ERROR
    Installation failed.
Flavors: r-devel-windows-ix86+x86_64, r-devel-windows-ix86+x86_64-gcc8