CRAN Package Check Results for Package rfPermute

Last updated on 2019-11-26 00:52:08 CET.

Flavor Version Tinstall Tcheck Ttotal Status Flags
r-devel-linux-x86_64-debian-clang 2.1.7 9.66 109.51 119.17 OK
r-devel-linux-x86_64-debian-gcc 2.1.7 8.99 82.84 91.83 OK
r-devel-linux-x86_64-fedora-clang 2.1.7 146.18 NOTE
r-devel-linux-x86_64-fedora-gcc 2.1.7 130.38 NOTE
r-devel-windows-ix86+x86_64 2.1.7 40.00 154.00 194.00 OK
r-devel-windows-ix86+x86_64-gcc8 2.1.7 23.00 115.00 138.00 OK
r-patched-linux-x86_64 2.1.7 9.65 103.70 113.35 OK
r-patched-solaris-x86 2.1.7 195.60 NOTE
r-release-linux-x86_64 2.1.7 9.10 104.14 113.24 OK
r-release-windows-ix86+x86_64 2.1.7 31.00 122.00 153.00 OK
r-release-osx-x86_64 2.1.7 NOTE
r-oldrel-windows-ix86+x86_64 2.1.7 14.00 99.00 113.00 OK
r-oldrel-osx-x86_64 2.1.7 NOTE

Check Details

Version: 2.1.7
Check: dependencies in R code
Result: NOTE
    Namespace in Imports field not imported from: ‘plyr’
     All declared Imports should be used.
Flavors: r-devel-linux-x86_64-fedora-clang, r-devel-linux-x86_64-fedora-gcc, r-patched-solaris-x86, r-release-osx-x86_64, r-oldrel-osx-x86_64