Last updated on 2019-11-26 00:52:09 CET.
Flavor | Version | Tinstall | Tcheck | Ttotal | Status | Flags |
---|---|---|---|---|---|---|
r-devel-linux-x86_64-debian-clang | 0.2.0 | 11.84 | 85.45 | 97.29 | OK | |
r-devel-linux-x86_64-debian-gcc | 0.2.0 | 10.93 | 65.73 | 76.66 | OK | |
r-devel-linux-x86_64-fedora-clang | 0.2.0 | 118.82 | OK | |||
r-devel-linux-x86_64-fedora-gcc | 0.2.0 | 110.96 | OK | |||
r-devel-windows-ix86+x86_64 | 0.2.0 | 25.00 | 97.00 | 122.00 | OK | |
r-devel-windows-ix86+x86_64-gcc8 | 0.2.0 | 24.00 | 107.00 | 131.00 | OK | |
r-patched-linux-x86_64 | 0.2.0 | 11.84 | 82.12 | 93.96 | OK | |
r-patched-solaris-x86 | 0.2.0 | 133.80 | NOTE | |||
r-release-linux-x86_64 | 0.2.0 | 11.03 | 84.81 | 95.84 | OK | |
r-release-windows-ix86+x86_64 | 0.2.0 | 21.00 | 111.00 | 132.00 | OK | |
r-release-osx-x86_64 | 0.2.0 | OK | ||||
r-oldrel-windows-ix86+x86_64 | 0.2.0 | 15.00 | 117.00 | 132.00 | OK | |
r-oldrel-osx-x86_64 | 0.2.0 | OK |
Version: 0.2.0
Check: installed package size
Result: NOTE
installed size is 5.1Mb
sub-directories of 1Mb or more:
doc 3.3Mb
Flavor: r-patched-solaris-x86