CRAN Package Check Results for Package roxygen2md

Last updated on 2019-11-26 00:52:09 CET.

Flavor Version Tinstall Tcheck Ttotal Status Flags
r-devel-linux-x86_64-debian-clang 1.0.0 3.98 31.37 35.35 OK
r-devel-linux-x86_64-debian-gcc 1.0.0 3.27 25.19 28.46 OK
r-devel-linux-x86_64-fedora-clang 1.0.0 40.87 NOTE
r-devel-linux-x86_64-fedora-gcc 1.0.0 39.80 NOTE
r-devel-windows-ix86+x86_64 1.0.0 20.00 59.00 79.00 OK
r-devel-windows-ix86+x86_64-gcc8 1.0.0 12.00 47.00 59.00 OK
r-patched-linux-x86_64 1.0.0 2.83 30.18 33.01 OK
r-patched-solaris-x86 1.0.0 59.70 NOTE
r-release-linux-x86_64 1.0.0 3.53 30.50 34.03 OK
r-release-windows-ix86+x86_64 1.0.0 14.00 64.00 78.00 OK
r-release-osx-x86_64 1.0.0 NOTE
r-oldrel-windows-ix86+x86_64 1.0.0 4.00 65.00 69.00 OK
r-oldrel-osx-x86_64 1.0.0 NOTE

Check Details

Version: 1.0.0
Check: dependencies in R code
Result: NOTE
    Namespace in Imports field not imported from: ‘withr’
     All declared Imports should be used.
Flavors: r-devel-linux-x86_64-fedora-clang, r-devel-linux-x86_64-fedora-gcc, r-patched-solaris-x86, r-release-osx-x86_64, r-oldrel-osx-x86_64