CRAN Package Check Results for Package rpf

Last updated on 2019-11-26 00:52:09 CET.

Flavor Version Tinstall Tcheck Ttotal Status Flags
r-devel-linux-x86_64-debian-clang 0.62 44.51 67.35 111.86 OK
r-devel-linux-x86_64-debian-gcc 0.62 29.52 51.06 80.58 OK
r-devel-linux-x86_64-fedora-clang 0.62 136.70 NOTE
r-devel-linux-x86_64-fedora-gcc 0.62 127.32 OK
r-devel-windows-ix86+x86_64 0.62 97.00 119.00 216.00 OK
r-devel-windows-ix86+x86_64-gcc8 0.62 80.00 99.00 179.00 OK
r-patched-linux-x86_64 0.62 33.35 63.85 97.20 OK
r-patched-solaris-x86 0.62 154.80 OK
r-release-linux-x86_64 0.62 33.56 64.26 97.82 OK
r-release-windows-ix86+x86_64 0.62 82.00 130.00 212.00 OK
r-release-osx-x86_64 0.62 NOTE
r-oldrel-windows-ix86+x86_64 0.62 53.00 85.00 138.00 OK
r-oldrel-osx-x86_64 0.62 NOTE

Check Details

Version: 0.62
Check: installed package size
Result: NOTE
     installed size is 8.4Mb
     sub-directories of 1Mb or more:
     libs 7.6Mb
Flavors: r-devel-linux-x86_64-fedora-clang, r-release-osx-x86_64, r-oldrel-osx-x86_64