CRAN Package Check Results for Package rtweet

Last updated on 2019-11-26 00:52:10 CET.

Flavor Version Tinstall Tcheck Ttotal Status Flags
r-devel-linux-x86_64-debian-clang 0.6.9 25.28 67.96 93.24 OK
r-devel-linux-x86_64-debian-gcc 0.6.9 19.50 52.60 72.10 OK
r-devel-linux-x86_64-fedora-clang 0.6.9 111.77 NOTE
r-devel-linux-x86_64-fedora-gcc 0.6.9 108.44 NOTE
r-devel-windows-ix86+x86_64 0.6.9 63.00 103.00 166.00 OK
r-devel-windows-ix86+x86_64-gcc8 0.6.9 52.00 105.00 157.00 NOTE
r-patched-linux-x86_64 0.6.9 22.17 64.94 87.11 OK
r-patched-solaris-x86 0.6.9 128.80 NOTE
r-release-linux-x86_64 0.6.9 25.09 65.47 90.56 OK
r-release-windows-ix86+x86_64 0.6.9 59.00 107.00 166.00 OK
r-release-osx-x86_64 0.6.9 NOTE
r-oldrel-windows-ix86+x86_64 0.6.9 36.00 122.00 158.00 OK
r-oldrel-osx-x86_64 0.6.9 NOTE

Check Details

Version: 0.6.9
Check: data for non-ASCII characters
Result: NOTE
     Note: found 113868 marked UTF-8 strings
Flavors: r-devel-linux-x86_64-fedora-clang, r-devel-linux-x86_64-fedora-gcc, r-patched-solaris-x86, r-release-osx-x86_64, r-oldrel-osx-x86_64

Version: 0.6.9
Check: installed package size
Result: NOTE
     installed size is 5.2Mb
     sub-directories of 1Mb or more:
     data 1.3Mb
     libs 2.0Mb
Flavor: r-devel-windows-ix86+x86_64-gcc8