CRAN Package Check Results for Package sapfluxnetr

Last updated on 2019-11-26 00:52:11 CET.

Flavor Version Tinstall Tcheck Ttotal Status Flags
r-devel-linux-x86_64-debian-clang 0.0.7 11.32 435.25 446.57 OK
r-devel-linux-x86_64-debian-gcc 0.0.7 9.22 321.49 330.71 OK
r-devel-linux-x86_64-fedora-clang 0.0.7 509.33 NOTE
r-devel-linux-x86_64-fedora-gcc 0.0.7 438.35 NOTE
r-devel-windows-ix86+x86_64 0.0.7 30.00 413.00 443.00 OK
r-devel-windows-ix86+x86_64-gcc8 0.0.7 20.00 385.00 405.00 OK
r-patched-linux-x86_64 0.0.7 9.15 411.09 420.24 OK
r-patched-solaris-x86 0.0.7 551.90 NOTE
r-release-linux-x86_64 0.0.7 11.15 416.33 427.48 OK
r-release-windows-ix86+x86_64 0.0.7 23.00 495.00 518.00 OK
r-release-osx-x86_64 0.0.7 NOTE
r-oldrel-windows-ix86+x86_64 0.0.7 13.00 493.00 506.00 OK
r-oldrel-osx-x86_64 0.0.7 NOTE

Check Details

Version: 0.0.7
Check: data for non-ASCII characters
Result: NOTE
     Note: found 4 marked UTF-8 strings
Flavors: r-devel-linux-x86_64-fedora-clang, r-devel-linux-x86_64-fedora-gcc, r-patched-solaris-x86, r-release-osx-x86_64, r-oldrel-osx-x86_64