Last updated on 2019-11-26 00:52:11 CET.
Flavor | Version | Tinstall | Tcheck | Ttotal | Status | Flags |
---|---|---|---|---|---|---|
r-devel-linux-x86_64-debian-clang | 0.1.0 | 3.92 | 36.03 | 39.95 | OK | |
r-devel-linux-x86_64-debian-gcc | 0.1.0 | 3.36 | 27.64 | 31.00 | OK | |
r-devel-linux-x86_64-fedora-clang | 0.1.0 | 45.52 | NOTE | |||
r-devel-linux-x86_64-fedora-gcc | 0.1.0 | 44.34 | NOTE | |||
r-devel-windows-ix86+x86_64 | 0.1.0 | 17.00 | 65.00 | 82.00 | OK | |
r-devel-windows-ix86+x86_64-gcc8 | 0.1.0 | 10.00 | 45.00 | 55.00 | OK | |
r-patched-linux-x86_64 | 0.1.0 | 3.83 | 33.83 | 37.66 | OK | |
r-patched-solaris-x86 | 0.1.0 | 69.40 | NOTE | |||
r-release-linux-x86_64 | 0.1.0 | 3.52 | 34.26 | 37.78 | OK | |
r-release-windows-ix86+x86_64 | 0.1.0 | 10.00 | 46.00 | 56.00 | OK | |
r-release-osx-x86_64 | 0.1.0 | NOTE | ||||
r-oldrel-windows-ix86+x86_64 | 0.1.0 | 5.00 | 62.00 | 67.00 | OK | |
r-oldrel-osx-x86_64 | 0.1.0 | NOTE |
Version: 0.1.0
Check: dependencies in R code
Result: NOTE
Namespace in Imports field not imported from: ‘spData’
All declared Imports should be used.
Flavors: r-devel-linux-x86_64-fedora-clang, r-devel-linux-x86_64-fedora-gcc, r-patched-solaris-x86, r-release-osx-x86_64, r-oldrel-osx-x86_64