Last updated on 2019-11-26 00:52:11 CET.
Flavor | Version | Tinstall | Tcheck | Ttotal | Status | Flags |
---|---|---|---|---|---|---|
r-devel-linux-x86_64-debian-clang | 1.7.3-1 | 124.20 | 31.96 | 156.16 | OK | |
r-devel-linux-x86_64-debian-gcc | 1.7.3-1 | 77.05 | 25.84 | 102.89 | OK | |
r-devel-linux-x86_64-fedora-clang | 1.7.3-1 | 230.94 | OK | |||
r-devel-linux-x86_64-fedora-gcc | 1.7.3-1 | 196.74 | OK | |||
r-devel-windows-ix86+x86_64 | 1.7.3-1 | 330.00 | 72.00 | 402.00 | WARN | |
r-devel-windows-ix86+x86_64-gcc8 | 1.7.3-1 | 330.00 | 80.00 | 410.00 | OK | |
r-patched-linux-x86_64 | 1.7.3-1 | 91.67 | 31.46 | 123.13 | OK | |
r-patched-solaris-x86 | 1.7.3-1 | 181.70 | OK | |||
r-release-linux-x86_64 | 1.7.3-1 | 87.72 | 31.93 | 119.65 | OK | |
r-release-windows-ix86+x86_64 | 1.7.3-1 | 321.00 | 71.00 | 392.00 | OK | |
r-release-osx-x86_64 | 1.7.3-1 | OK | ||||
r-oldrel-windows-ix86+x86_64 | 1.7.3-1 | 231.00 | 84.00 | 315.00 | OK | |
r-oldrel-osx-x86_64 | 1.7.3-1 | OK |
Version: 1.7.3-1
Check: whether package can be installed
Result: WARN
Found the following significant warnings:
scrm/forest.cc:31:30: warning: statement has no effect [-Wunused-value]
scrm/forest.cc:105:80: warning: statement has no effect [-Wunused-value]
scrm/forest.cc:110:100: warning: statement has no effect [-Wunused-value]
scrm/forest.cc:148:66: warning: statement has no effect [-Wunused-value]
scrm/forest.cc:168:63: warning: statement has no effect [-Wunused-value]
scrm/forest.cc:169:34: warning: statement has no effect [-Wunused-value]
scrm/forest.cc:286:59: warning: statement has no effect [-Wunused-value]
scrm/forest.cc:295:36: warning: statement has no effect [-Wunused-value]
scrm/forest.cc:301:31: warning: statement has no effect [-Wunused-value]
scrm/forest.cc:307:29: warning: statement has no effect [-Wunused-value]
scrm/forest.cc:312:60: warning: statement has no effect [-Wunused-value]
scrm/forest.cc:315:51: warning: statement has no effect [-Wunused-value]
scrm/forest.cc:319:37: warning: statement has no effect [-Wunused-value]
scrm/forest.cc:328:71: warning: statement has no effect [-Wunused-value]
scrm/forest.cc:423:98: warning: statement has no effect [-Wunused-value]
scrm/forest.cc:426:64: warning: statement has no effect [-Wunused-value]
scrm/forest.cc:436:74: warning: statement has no effect [-Wunused-value]
scrm/forest.cc:438:69: warning: statement has no effect [-Wunused-value]
scrm/forest.cc:445:68: warning: statement has no effect [-Wunused-value]
scrm/forest.cc:446:64: warning: statement has no effect [-Wunused-value]
scrm/forest.cc:448:64: warning: statement has no effect [-Wunused-value]
scrm/forest.cc:453:48: warning: statement has no effect [-Wunused-value]
scrm/forest.cc:463:71: warning: statement has no effect [-Wunused-value]
scrm/forest.cc:495:94: warning: statement has no effect [-Wunused-value]
scrm/forest.cc:517:54: warning: statement has no effect [-Wunused-value]
scrm/forest.cc:535:48: warning: statement has no effect [-Wunused-value]
scrm/forest.cc:762:51: warning: statement has no effect [-Wunused-value]
scrm/forest.cc:765:65: warning: statement has no effect [-Wunused-value]
scrm/forest.cc:766:55: warning: statement has no effect [-Wunused-value]
scrm/forest.cc:767:56: warning: statement has no effect [-Wunused-value]
scrm/forest.cc:845:72: warning: statement has no effect [-Wunused-value]
scrm/forest.cc:862:34: warning: statement has no effect [-Wunused-value]
scrm/forest.cc:888:53: warning: statement has no effect [-Wunused-value]
scrm/forest.cc:951:85: warning: statement has no effect [-Wunused-value]
scrm/forest.cc:971:62: warning: statement has no effect [-Wunused-value]
scrm/forest.cc:994:59: warning: statement has no effect [-Wunused-value]
scrm/forest.cc:995:46: warning: statement has no effect [-Wunused-value]
scrm/forest.cc:1044:31: warning: statement has no effect [-Wunused-value]
scrm/forest.cc:1065:63: warning: statement has no effect [-Wunused-value]
scrm/forest.cc:1071:64: warning: statement has no effect [-Wunused-value]
scrm/forest.cc:1078:59: warning: statement has no effect [-Wunused-value]
scrm/forest.cc:1097:31: warning: statement has no effect [-Wunused-value]
scrm/forest.cc:1104:46: warning: statement has no effect [-Wunused-value]
scrm/forest.cc:1120:41: warning: statement has no effect [-Wunused-value]
scrm/forest.cc:1169:94: warning: statement has no effect [-Wunused-value]
scrm/forest.cc:1184:97: warning: statement has no effect [-Wunused-value]
scrm/forest.cc:1202:94: warning: statement has no effect [-Wunused-value]
scrm/forest.cc:1277:41: warning: statement has no effect [-Wunused-value]
scrm/forest.cc:1279:32: warning: statement has no effect [-Wunused-value]
scrm/forest.cc:1294:61: warning: statement has no effect [-Wunused-value]
scrm/forest.cc:1309:61: warning: statement has no effect [-Wunused-value]
scrm/forest.cc:1313:57: warning: statement has no effect [-Wunused-value]
scrm/forest.cc:1332:84: warning: statement has no effect [-Wunused-value]
scrm/forest.cc:1339:72: warning: statement has no effect [-Wunused-value]
scrm/node.cc:66:46: warning: statement has no effect [-Wunused-value]
scrm/node.cc:68:46: warning: statement has no effect [-Wunused-value]
scrm/node_container.cc:268:66: warning: statement has no effect [-Wunused-value]
scrm/node_container.cc:275:61: warning: statement has no effect [-Wunused-value]
scrm/node_container.cc:279:64: warning: statement has no effect [-Wunused-value]
scrm/node_container.cc:285:61: warning: statement has no effect [-Wunused-value]
scrm/param.cc:65:45: warning: statement has no effect [-Wunused-value]
Flavor: r-devel-windows-ix86+x86_64