CRAN Package Check Results for Package sdcMicro

Last updated on 2019-11-26 00:52:11 CET.

Flavor Version Tinstall Tcheck Ttotal Status Flags
r-devel-linux-x86_64-debian-clang 5.5.0 70.02 227.56 297.58 OK
r-devel-linux-x86_64-debian-gcc 5.5.0 48.63 256.29 304.92 OK
r-devel-linux-x86_64-fedora-clang 5.5.0 306.53 OK
r-devel-linux-x86_64-fedora-gcc 5.5.0 313.88 OK
r-devel-windows-ix86+x86_64 5.5.0 113.00 259.00 372.00 OK
r-devel-windows-ix86+x86_64-gcc8 5.5.0 131.00 338.00 469.00 NOTE
r-patched-linux-x86_64 5.5.0 50.97 222.83 273.80 OK
r-patched-solaris-x86 5.5.0 307.40 OK
r-release-linux-x86_64 5.5.0 52.26 247.64 299.90 OK
r-release-windows-ix86+x86_64 5.5.0 105.00 274.00 379.00 OK
r-release-osx-x86_64 5.5.0 OK
r-oldrel-windows-ix86+x86_64 5.5.0 115.00 233.00 348.00 OK
r-oldrel-osx-x86_64 5.5.0 OK

Check Details

Version: 5.5.0
Check: installed package size
Result: NOTE
     installed size is 5.1Mb
     sub-directories of 1Mb or more:
     libs 2.3Mb
Flavor: r-devel-windows-ix86+x86_64-gcc8