Last updated on 2019-11-26 00:52:11 CET.
Flavor | Version | Tinstall | Tcheck | Ttotal | Status | Flags |
---|---|---|---|---|---|---|
r-devel-linux-x86_64-debian-clang | 1.0 | 3.64 | 25.85 | 29.49 | OK | |
r-devel-linux-x86_64-debian-gcc | 1.0 | 3.08 | 21.35 | 24.43 | OK | |
r-devel-linux-x86_64-fedora-clang | 1.0 | 36.43 | OK | |||
r-devel-linux-x86_64-fedora-gcc | 1.0 | 35.62 | OK | |||
r-devel-windows-ix86+x86_64 | 1.0 | 21.00 | 73.00 | 94.00 | OK | |
r-devel-windows-ix86+x86_64-gcc8 | 1.0 | 17.00 | 63.00 | 80.00 | OK | |
r-patched-linux-x86_64 | 1.0 | 2.91 | 26.19 | 29.10 | OK | |
r-patched-solaris-x86 | 1.0 | 55.50 | OK | |||
r-release-linux-x86_64 | 1.0 | 3.42 | 26.21 | 29.63 | OK | |
r-release-windows-ix86+x86_64 | 1.0 | 16.00 | 58.00 | 74.00 | OK | |
r-release-osx-x86_64 | 1.0 | ERROR | ||||
r-oldrel-windows-ix86+x86_64 | 1.0 | 7.00 | 71.00 | 78.00 | OK | |
r-oldrel-osx-x86_64 | 1.0 | ERROR |
Version: 1.0
Check: package dependencies
Result: ERROR
Package required but not available: ‘rpanel’
See section ‘The DESCRIPTION file’ in the ‘Writing R Extensions’
manual.
Flavors: r-release-osx-x86_64, r-oldrel-osx-x86_64