CRAN Package Check Results for Package sejmRP

Last updated on 2019-11-26 00:52:11 CET.

Flavor Version Tinstall Tcheck Ttotal Status Flags
r-devel-linux-x86_64-debian-clang 1.3.4 7.17 48.70 55.87 OK
r-devel-linux-x86_64-debian-gcc 1.3.4 5.64 37.51 43.15 OK
r-devel-linux-x86_64-fedora-clang 1.3.4 65.77 NOTE
r-devel-linux-x86_64-fedora-gcc 1.3.4 62.01 NOTE
r-devel-windows-ix86+x86_64 1.3.4 28.00 81.00 109.00 OK
r-devel-windows-ix86+x86_64-gcc8 1.3.4 17.00 62.00 79.00 OK
r-patched-linux-x86_64 1.3.4 6.79 45.82 52.61 OK
r-patched-solaris-x86 1.3.4 94.70 NOTE
r-release-linux-x86_64 1.3.4 6.98 45.72 52.70 OK
r-release-windows-ix86+x86_64 1.3.4 23.00 79.00 102.00 OK
r-release-osx-x86_64 1.3.4 NOTE
r-oldrel-windows-ix86+x86_64 1.3.4 8.00 74.00 82.00 OK
r-oldrel-osx-x86_64 1.3.4 NOTE

Check Details

Version: 1.3.4
Check: dependencies in R code
Result: NOTE
    Namespaces in Imports field not imported from:
     ‘cluster’ ‘factoextra’ ‘tidyr’
     All declared Imports should be used.
Flavors: r-devel-linux-x86_64-fedora-clang, r-devel-linux-x86_64-fedora-gcc, r-patched-solaris-x86, r-release-osx-x86_64, r-oldrel-osx-x86_64