Last updated on 2019-11-26 00:52:12 CET.
Flavor | Version | Tinstall | Tcheck | Ttotal | Status | Flags |
---|---|---|---|---|---|---|
r-devel-linux-x86_64-debian-clang | 0.2.1 | 3.86 | 31.56 | 35.42 | OK | |
r-devel-linux-x86_64-debian-gcc | 0.2.1 | 2.55 | 25.26 | 27.81 | OK | |
r-devel-linux-x86_64-fedora-clang | 0.2.1 | 41.35 | NOTE | |||
r-devel-linux-x86_64-fedora-gcc | 0.2.1 | 40.56 | NOTE | |||
r-devel-windows-ix86+x86_64 | 0.2.1 | 19.00 | 62.00 | 81.00 | OK | |
r-devel-windows-ix86+x86_64-gcc8 | 0.2.1 | 9.00 | 47.00 | 56.00 | OK | |
r-patched-linux-x86_64 | 0.2.1 | 2.96 | 30.79 | 33.75 | OK | |
r-patched-solaris-x86 | 0.2.1 | 63.70 | NOTE | |||
r-release-linux-x86_64 | 0.2.1 | 2.58 | 31.29 | 33.87 | OK | |
r-release-windows-ix86+x86_64 | 0.2.1 | 13.00 | 52.00 | 65.00 | OK | |
r-release-osx-x86_64 | 0.2.1 | NOTE | ||||
r-oldrel-windows-ix86+x86_64 | 0.2.1 | 5.00 | 63.00 | 68.00 | OK | |
r-oldrel-osx-x86_64 | 0.2.1 | NOTE |
Version: 0.2.1
Check: dependencies in R code
Result: NOTE
Namespace in Imports field not imported from: ‘utils’
All declared Imports should be used.
Flavors: r-devel-linux-x86_64-fedora-clang, r-devel-linux-x86_64-fedora-gcc, r-patched-solaris-x86, r-release-osx-x86_64, r-oldrel-osx-x86_64