Last updated on 2019-11-26 00:52:12 CET.
Flavor | Version | Tinstall | Tcheck | Ttotal | Status | Flags |
---|---|---|---|---|---|---|
r-devel-linux-x86_64-debian-clang | 0.61 | 3.42 | 28.00 | 31.42 | NOTE | |
r-devel-linux-x86_64-debian-gcc | 0.61 | 2.82 | 22.44 | 25.26 | NOTE | |
r-devel-linux-x86_64-fedora-clang | 0.61 | 36.92 | NOTE | |||
r-devel-linux-x86_64-fedora-gcc | 0.61 | 36.56 | NOTE | |||
r-devel-windows-ix86+x86_64 | 0.61 | 16.00 | 55.00 | 71.00 | NOTE | |
r-devel-windows-ix86+x86_64-gcc8 | 0.61 | 8.00 | 43.00 | 51.00 | NOTE | |
r-patched-linux-x86_64 | 0.61 | 2.96 | 27.75 | 30.71 | NOTE | |
r-patched-solaris-x86 | 0.61 | 56.30 | NOTE | |||
r-release-linux-x86_64 | 0.61 | 3.08 | 27.64 | 30.72 | NOTE | |
r-release-windows-ix86+x86_64 | 0.61 | 10.00 | 39.00 | 49.00 | NOTE | |
r-release-osx-x86_64 | 0.61 | NOTE | ||||
r-oldrel-windows-ix86+x86_64 | 0.61 | 4.00 | 58.00 | 62.00 | NOTE | |
r-oldrel-osx-x86_64 | 0.61 | NOTE |
Version: 0.61
Check: R code for possible problems
Result: NOTE
popify: no visible global function definition for 'runif'
tipify: no visible global function definition for 'runif'
Undefined global functions or variables:
runif
Consider adding
importFrom("stats", "runif")
to your NAMESPACE file.
Flavors: r-devel-linux-x86_64-debian-clang, r-devel-linux-x86_64-debian-gcc, r-devel-linux-x86_64-fedora-clang, r-devel-linux-x86_64-fedora-gcc, r-devel-windows-ix86+x86_64, r-devel-windows-ix86+x86_64-gcc8, r-patched-linux-x86_64, r-patched-solaris-x86, r-release-linux-x86_64, r-release-windows-ix86+x86_64, r-release-osx-x86_64, r-oldrel-windows-ix86+x86_64, r-oldrel-osx-x86_64