CRAN Package Check Results for Package simglm

Last updated on 2019-11-26 00:52:12 CET.

Flavor Version Tinstall Tcheck Ttotal Status Flags
r-devel-linux-x86_64-debian-clang 0.7.4 13.01 344.51 357.52 OK
r-devel-linux-x86_64-debian-gcc 0.7.4 11.85 254.06 265.91 OK
r-devel-linux-x86_64-fedora-clang 0.7.4 414.77 OK
r-devel-linux-x86_64-fedora-gcc 0.7.4 389.20 OK
r-devel-windows-ix86+x86_64 0.7.4 34.00 328.00 362.00 OK
r-devel-windows-ix86+x86_64-gcc8 0.7.4 26.00 335.00 361.00 OK
r-patched-linux-x86_64 0.7.4 11.10 326.95 338.05 OK
r-patched-solaris-x86 0.7.4 405.40 WARN
r-release-linux-x86_64 0.7.4 13.00 335.04 348.04 OK
r-release-windows-ix86+x86_64 0.7.4 30.00 425.00 455.00 OK
r-release-osx-x86_64 0.7.4 OK
r-oldrel-windows-ix86+x86_64 0.7.4 15.00 414.00 429.00 OK
r-oldrel-osx-x86_64 0.7.4 OK

Check Details

Version: 0.7.4
Check: re-building of vignette outputs
Result: WARN
    Error(s) in re-building vignettes:
     ...
    --- re-building ‘GeneralizedModels_legacy.Rmd’ using rmarkdown
    Warning in engine$weave(file, quiet = quiet, encoding = enc) :
     Pandoc (>= 1.12.3) and/or pandoc-citeproc not available. Falling back to R Markdown v1.
    --- finished re-building ‘GeneralizedModels_legacy.Rmd’
    
    --- re-building ‘Intro_legacy.Rmd’ using rmarkdown
    Warning in engine$weave(file, quiet = quiet, encoding = enc) :
     Pandoc (>= 1.12.3) and/or pandoc-citeproc not available. Falling back to R Markdown v1.
    --- finished re-building ‘Intro_legacy.Rmd’
    
    --- re-building ‘Power_legacy.Rmd’ using rmarkdown
    Warning in engine$weave(file, quiet = quiet, encoding = enc) :
     Pandoc (>= 1.12.3) and/or pandoc-citeproc not available. Falling back to R Markdown v1.
    Quitting from lines 53-54 (Power_legacy.Rmd)
    Error: processing vignette 'Power_legacy.Rmd' failed with diagnostics:
    `levels.vctrs_list_of()` not supported.
    --- failed re-building ‘Power_legacy.Rmd’
    
    --- re-building ‘simulation_arguments.Rmd’ using rmarkdown
    Warning in engine$weave(file, quiet = quiet, encoding = enc) :
     Pandoc (>= 1.12.3) and/or pandoc-citeproc not available. Falling back to R Markdown v1.
    --- finished re-building ‘simulation_arguments.Rmd’
    
    --- re-building ‘tidy_simulation.Rmd’ using rmarkdown
    Warning in engine$weave(file, quiet = quiet, encoding = enc) :
     Pandoc (>= 1.12.3) and/or pandoc-citeproc not available. Falling back to R Markdown v1.
    --- finished re-building ‘tidy_simulation.Rmd’
    
    --- re-building ‘unbalanced_legacy.Rmd’ using rmarkdown
    Warning in engine$weave(file, quiet = quiet, encoding = enc) :
     Pandoc (>= 1.12.3) and/or pandoc-citeproc not available. Falling back to R Markdown v1.
    --- finished re-building ‘unbalanced_legacy.Rmd’
    
    SUMMARY: processing the following file failed:
     ‘Power_legacy.Rmd’
    
    Error: Vignette re-building failed.
    Execution halted
Flavor: r-patched-solaris-x86