CRAN Package Check Results for Package smartsizer

Last updated on 2019-11-26 00:52:12 CET.

Flavor Version Tinstall Tcheck Ttotal Status Flags
r-devel-linux-x86_64-debian-clang 1.0.2 1.79 164.37 166.16 OK
r-devel-linux-x86_64-debian-gcc 1.0.2 1.70 105.34 107.04 OK
r-devel-linux-x86_64-fedora-clang 1.0.2 187.97 OK
r-devel-linux-x86_64-fedora-gcc 1.0.2 178.74 OK
r-devel-windows-ix86+x86_64 1.0.1 7.00 220.00 227.00 NOTE
r-devel-windows-ix86+x86_64-gcc8 1.0.2 8.00 175.00 183.00 OK
r-patched-linux-x86_64 1.0.2 1.82 149.08 150.90 OK
r-patched-solaris-x86 1.0.2 200.40 OK
r-release-linux-x86_64 1.0.2 1.74 143.25 144.99 OK
r-release-windows-ix86+x86_64 1.0.2 4.00 114.00 118.00 OK
r-release-osx-x86_64 1.0.2 OK
r-oldrel-windows-ix86+x86_64 1.0.2 3.00 133.00 136.00 OK
r-oldrel-osx-x86_64 1.0.2 OK

Check Details

Version: 1.0.1
Check: package vignettes
Result: NOTE
    Package vignette with placeholder title 'Vignette Title':
     'vignette.Rmd'
Flavor: r-devel-windows-ix86+x86_64