CRAN Package Check Results for Package snplist

Last updated on 2019-11-26 00:52:12 CET.

Flavor Version Tinstall Tcheck Ttotal Status Flags
r-devel-linux-x86_64-debian-clang 0.18.1 28.32 143.66 171.98 NOTE
r-devel-linux-x86_64-debian-gcc 0.18.1 19.72 111.22 130.94 NOTE
r-devel-linux-x86_64-fedora-clang 0.18.1 196.86 NOTE
r-devel-linux-x86_64-fedora-gcc 0.18.1 187.05 NOTE
r-devel-windows-ix86+x86_64 0.18.1 71.00 227.00 298.00 OK
r-devel-windows-ix86+x86_64-gcc8 0.18.1 48.00 186.00 234.00 OK
r-patched-linux-x86_64 0.18.1 21.53 132.01 153.54 OK
r-patched-solaris-x86 0.18.1 275.70 OK
r-release-linux-x86_64 0.18.1 19.07 126.45 145.52 OK
r-release-windows-ix86+x86_64 0.18.1 62.00 171.00 233.00 OK
r-release-osx-x86_64 0.18.1 OK
r-oldrel-windows-ix86+x86_64 0.18.1 39.00 222.00 261.00 OK
r-oldrel-osx-x86_64 0.18.1 OK

Check Details

Version: 0.18.1
Check: for non-standard things in the check directory
Result: NOTE
    Found the following files/directories:
     'geneSet.set' 'snplistdb.sqlite'
Flavors: r-devel-linux-x86_64-debian-clang, r-devel-linux-x86_64-debian-gcc, r-devel-linux-x86_64-fedora-clang, r-devel-linux-x86_64-fedora-gcc