CRAN Package Check Results for Package softImpute

Last updated on 2019-11-26 00:52:12 CET.

Flavor Version Tinstall Tcheck Ttotal Status Flags
r-devel-linux-x86_64-debian-clang 1.4 11.99 78.02 90.01 NOTE
r-devel-linux-x86_64-debian-gcc 1.4 8.80 60.26 69.06 NOTE
r-devel-linux-x86_64-fedora-clang 1.4 100.64 NOTE
r-devel-linux-x86_64-fedora-gcc 1.4 100.68 NOTE
r-devel-windows-ix86+x86_64 1.4 28.00 134.00 162.00 NOTE
r-devel-windows-ix86+x86_64-gcc8 1.4 31.00 107.00 138.00 NOTE
r-patched-linux-x86_64 1.4 11.35 73.71 85.06 NOTE
r-patched-solaris-x86 1.4 151.10 NOTE
r-release-linux-x86_64 1.4 10.98 76.42 87.40 NOTE
r-release-windows-ix86+x86_64 1.4 25.00 94.00 119.00 NOTE
r-release-osx-x86_64 1.4 NOTE
r-oldrel-windows-ix86+x86_64 1.4 12.00 129.00 141.00 NOTE
r-oldrel-osx-x86_64 1.4 NOTE

Check Details

Version: 1.4
Check: DESCRIPTION meta-information
Result: NOTE
    Malformed Description field: should contain one or more complete sentences.
Flavors: r-devel-linux-x86_64-debian-clang, r-devel-linux-x86_64-debian-gcc, r-devel-linux-x86_64-fedora-clang, r-devel-linux-x86_64-fedora-gcc, r-devel-windows-ix86+x86_64, r-devel-windows-ix86+x86_64-gcc8, r-patched-linux-x86_64, r-patched-solaris-x86, r-release-linux-x86_64, r-release-windows-ix86+x86_64, r-release-osx-x86_64, r-oldrel-windows-ix86+x86_64, r-oldrel-osx-x86_64

Version: 1.4
Check: R code for possible problems
Result: NOTE
    Ssimpute.als: no visible global function definition for 'rnorm'
    Ssvd.als: no visible global function definition for 'rnorm'
    cs.default: no visible binding for global variable 'weighted.mean'
    simpute.als: no visible global function definition for 'rnorm'
    Undefined global functions or variables:
     rnorm weighted.mean
    Consider adding
     importFrom("stats", "rnorm", "weighted.mean")
    to your NAMESPACE file.
Flavors: r-devel-linux-x86_64-debian-clang, r-devel-linux-x86_64-debian-gcc, r-devel-linux-x86_64-fedora-clang, r-devel-linux-x86_64-fedora-gcc, r-devel-windows-ix86+x86_64, r-devel-windows-ix86+x86_64-gcc8, r-patched-linux-x86_64, r-patched-solaris-x86, r-release-linux-x86_64, r-release-windows-ix86+x86_64, r-release-osx-x86_64, r-oldrel-windows-ix86+x86_64, r-oldrel-osx-x86_64

Version: 1.4
Check: compiled code
Result: NOTE
    File ‘softImpute/libs/softImpute.so’:
     Found no calls to: ‘R_registerRoutines’, ‘R_useDynamicSymbols’
    
    It is good practice to register native routines and to disable symbol
    search.
    
    See ‘Writing portable packages’ in the ‘Writing R Extensions’ manual.
Flavors: r-devel-linux-x86_64-fedora-clang, r-devel-linux-x86_64-fedora-gcc