Last updated on 2019-11-26 00:52:12 CET.
Flavor | Version | Tinstall | Tcheck | Ttotal | Status | Flags |
---|---|---|---|---|---|---|
r-devel-linux-x86_64-debian-clang | 1.2.0 | 10.20 | 72.23 | 82.43 | NOTE | |
r-devel-linux-x86_64-debian-gcc | 1.2.0 | 8.81 | 53.87 | 62.68 | NOTE | |
r-devel-linux-x86_64-fedora-clang | 1.2.0 | 93.62 | NOTE | |||
r-devel-linux-x86_64-fedora-gcc | 1.2.0 | 93.64 | NOTE | |||
r-devel-windows-ix86+x86_64 | 1.2.0 | 48.00 | 86.00 | 134.00 | NOTE | |
r-devel-windows-ix86+x86_64-gcc8 | 1.2.0 | 23.00 | 85.00 | 108.00 | NOTE | |
r-patched-linux-x86_64 | 1.2.0 | 10.89 | 66.54 | 77.43 | NOTE | |
r-patched-solaris-x86 | 1.2.0 | 127.10 | NOTE | |||
r-release-linux-x86_64 | 1.2.0 | 10.34 | 68.78 | 79.12 | NOTE | |
r-release-windows-ix86+x86_64 | 1.2.0 | 39.00 | 89.00 | 128.00 | NOTE | |
r-release-osx-x86_64 | 1.2.0 | NOTE | ||||
r-oldrel-windows-ix86+x86_64 | 1.2.0 | 14.00 | 122.00 | 136.00 | NOTE | |
r-oldrel-osx-x86_64 | 1.2.0 | NOTE |
Version: 1.2.0
Check: R code for possible problems
Result: NOTE
compileDatabase: no visible global function definition for 'use_data'
Undefined global functions or variables:
use_data
Flavors: r-devel-linux-x86_64-debian-clang, r-devel-linux-x86_64-debian-gcc, r-devel-linux-x86_64-fedora-clang, r-devel-linux-x86_64-fedora-gcc, r-devel-windows-ix86+x86_64, r-devel-windows-ix86+x86_64-gcc8, r-patched-linux-x86_64, r-patched-solaris-x86, r-release-linux-x86_64, r-release-windows-ix86+x86_64, r-oldrel-windows-ix86+x86_64
Version: 1.2.0
Check: data for non-ASCII characters
Result: NOTE
Note: found 145 marked UTF-8 strings
Flavors: r-devel-linux-x86_64-fedora-clang, r-devel-linux-x86_64-fedora-gcc, r-patched-solaris-x86, r-release-osx-x86_64, r-oldrel-osx-x86_64