Last updated on 2019-11-26 00:52:13 CET.
Flavor | Version | Tinstall | Tcheck | Ttotal | Status | Flags |
---|---|---|---|---|---|---|
r-devel-linux-x86_64-debian-clang | 0.6.5 | 43.95 | 201.46 | 245.41 | OK | |
r-devel-linux-x86_64-debian-gcc | 0.6.5 | 32.37 | 154.23 | 186.60 | OK | |
r-devel-linux-x86_64-fedora-clang | 0.6.5 | 273.61 | NOTE | |||
r-devel-linux-x86_64-fedora-gcc | 0.6.5 | 279.83 | NOTE | |||
r-devel-windows-ix86+x86_64 | 0.6.5 | 118.00 | 304.00 | 422.00 | NOTE | |
r-devel-windows-ix86+x86_64-gcc8 | 0.6.5 | 83.00 | 294.00 | 377.00 | NOTE | |
r-patched-linux-x86_64 | 0.6.5 | 37.98 | 188.47 | 226.45 | OK | |
r-patched-solaris-x86 | 0.6.5 | 381.00 | NOTE | |||
r-release-linux-x86_64 | 0.6.5 | 35.00 | 196.27 | 231.27 | OK | |
r-release-windows-ix86+x86_64 | 0.6.5 | 112.00 | 299.00 | 411.00 | NOTE | |
r-release-osx-x86_64 | 0.6.5 | NOTE | ||||
r-oldrel-windows-ix86+x86_64 | 0.6.5 | 53.00 | 414.00 | 467.00 | NOTE | |
r-oldrel-osx-x86_64 | 0.6.5 | NOTE |
Version: 0.6.5
Check: installed package size
Result: NOTE
installed size is 5.8Mb
sub-directories of 1Mb or more:
data 4.7Mb
Flavors: r-devel-linux-x86_64-fedora-clang, r-devel-windows-ix86+x86_64, r-devel-windows-ix86+x86_64-gcc8, r-patched-solaris-x86, r-release-windows-ix86+x86_64, r-release-osx-x86_64, r-oldrel-windows-ix86+x86_64, r-oldrel-osx-x86_64
Version: 0.6.5
Check: dependencies in R code
Result: NOTE
Namespace in Imports field not imported from: ‘sp’
All declared Imports should be used.
Flavors: r-devel-linux-x86_64-fedora-clang, r-devel-linux-x86_64-fedora-gcc, r-patched-solaris-x86, r-release-osx-x86_64, r-oldrel-osx-x86_64
Version: 0.6.5
Check: data for non-ASCII characters
Result: NOTE
Note: found 25 marked Latin-1 strings
Note: found 658 marked UTF-8 strings
Flavors: r-devel-linux-x86_64-fedora-clang, r-devel-linux-x86_64-fedora-gcc, r-patched-solaris-x86, r-release-osx-x86_64, r-oldrel-osx-x86_64