Last updated on 2019-11-26 00:52:13 CET.
Flavor | Version | Tinstall | Tcheck | Ttotal | Status | Flags |
---|---|---|---|---|---|---|
r-devel-linux-x86_64-debian-clang | 1.0.10 | 4.48 | 67.00 | 71.48 | OK | |
r-devel-linux-x86_64-debian-gcc | 1.0.10 | 3.78 | 51.54 | 55.32 | OK | |
r-devel-linux-x86_64-fedora-clang | 1.0.10 | 80.03 | OK | |||
r-devel-linux-x86_64-fedora-gcc | 1.0.10 | 79.47 | OK | |||
r-devel-windows-ix86+x86_64 | 1.0.10 | 21.00 | 83.00 | 104.00 | OK | |
r-devel-windows-ix86+x86_64-gcc8 | 1.0.10 | 12.00 | 80.00 | 92.00 | OK | |
r-patched-linux-x86_64 | 1.0.10 | 4.18 | 63.82 | 68.00 | OK | |
r-patched-solaris-x86 | 1.0.10 | 109.80 | OK | |||
r-release-linux-x86_64 | 1.0.10 | 4.34 | 65.59 | 69.93 | OK | |
r-release-windows-ix86+x86_64 | 1.0.10 | 15.00 | 78.00 | 93.00 | OK | |
r-release-osx-x86_64 | 1.0.10 | OK | ||||
r-oldrel-osx-x86_64 | 1.0.10 | ERROR |
Version: 1.0.10
Check: whether package can be installed
Result: ERROR
Installation failed.
Flavor: r-oldrel-osx-x86_64