CRAN Package Check Results for Package ssMousetrack

Last updated on 2019-11-26 00:52:14 CET.

Flavor Version Tinstall Tcheck Ttotal Status Flags
r-devel-linux-x86_64-debian-clang 1.1.5 442.57 81.80 524.37 NOTE
r-devel-linux-x86_64-debian-gcc 1.1.5 417.69 80.76 498.45 NOTE
r-devel-linux-x86_64-fedora-clang 1.1.5 708.72 NOTE
r-devel-linux-x86_64-fedora-gcc 1.1.5 847.44 NOTE
r-devel-windows-ix86+x86_64 1.1.5 986.00 209.00 1195.00 NOTE
r-devel-windows-ix86+x86_64-gcc8 1.1.5 773.00 162.00 935.00 NOTE
r-patched-linux-x86_64 1.1.5 416.75 93.27 510.02 NOTE
r-patched-solaris-x86 1.1.5 630.90 NOTE
r-release-linux-x86_64 1.1.5 433.75 95.96 529.71 NOTE
r-release-windows-ix86+x86_64 1.1.5 947.00 149.00 1096.00 NOTE
r-release-osx-x86_64 1.1.5 NOTE
r-oldrel-windows-ix86+x86_64 1.1.5 669.00 133.00 802.00 NOTE
r-oldrel-osx-x86_64 1.1.5 NOTE

Check Details

Version: 1.1.5
Check: for GNU extensions in Makefiles
Result: NOTE
    GNU make is a SystemRequirements.
Flavors: r-devel-linux-x86_64-debian-clang, r-devel-linux-x86_64-debian-gcc, r-devel-linux-x86_64-fedora-clang, r-devel-linux-x86_64-fedora-gcc, r-devel-windows-ix86+x86_64, r-devel-windows-ix86+x86_64-gcc8, r-patched-linux-x86_64, r-patched-solaris-x86, r-release-linux-x86_64, r-release-windows-ix86+x86_64, r-release-osx-x86_64, r-oldrel-windows-ix86+x86_64, r-oldrel-osx-x86_64

Version: 1.1.5
Check: installed package size
Result: NOTE
     installed size is 73.2Mb
     sub-directories of 1Mb or more:
     libs 72.8Mb
Flavors: r-devel-linux-x86_64-fedora-clang, r-devel-windows-ix86+x86_64, r-devel-windows-ix86+x86_64-gcc8, r-release-windows-ix86+x86_64, r-release-osx-x86_64, r-oldrel-windows-ix86+x86_64, r-oldrel-osx-x86_64