CRAN Package Check Results for Package staRdom

Last updated on 2019-11-26 00:52:14 CET.

Flavor Version Tinstall Tcheck Ttotal Status Flags
r-devel-linux-x86_64-debian-clang 1.1.0 17.70 247.83 265.53 OK
r-devel-linux-x86_64-debian-gcc 1.1.0 15.60 185.21 200.81 OK
r-devel-linux-x86_64-fedora-clang 1.1.0 284.14 OK
r-devel-linux-x86_64-fedora-gcc 1.1.0 286.91 OK
r-devel-windows-ix86+x86_64 1.1.0 37.00 302.00 339.00 OK
r-devel-windows-ix86+x86_64-gcc8 1.1.0 37.00 423.00 460.00 OK
r-patched-linux-x86_64 1.1.0 15.92 234.51 250.43 OK
r-patched-solaris-x86 1.1.0 289.70 WARN
r-release-linux-x86_64 1.1.0 17.24 239.98 257.22 OK
r-release-windows-ix86+x86_64 1.1.0 51.00 565.00 616.00 OK
r-release-osx-x86_64 1.1.0 OK
r-oldrel-windows-ix86+x86_64 1.1.0 19.00 701.00 720.00 OK
r-oldrel-osx-x86_64 1.1.0 WARN

Check Details

Version: 1.1.0
Check: re-building of vignette outputs
Result: WARN
    Error(s) in re-building vignettes:
     ...
    --- re-building ‘Basic_analysis_of_DOM_samples.Rmd’ using rmarkdown
    Warning in engine$weave(file, quiet = quiet, encoding = enc) :
     Pandoc (>= 1.12.3) and/or pandoc-citeproc not available. Falling back to R Markdown v1.
    
    Attaching package: 'dplyr'
    
    The following objects are masked from 'package:stats':
    
     filter, lag
    
    The following objects are masked from 'package:base':
    
     intersect, setdiff, setequal, union
    
    Server error [504] for doi "10.1039/c3ay41160e", you may want to try again, or BibTeX unavailable for this doi
    no results with relavency score greater than 'min.relevance' successfully retrieved
    Quitting from lines 25-71 (Basic_analysis_of_DOM_samples.Rmd)
    Error: processing vignette 'Basic_analysis_of_DOM_samples.Rmd' failed with diagnostics:
    argument "bibtype" is missing, with no default
    --- failed re-building ‘Basic_analysis_of_DOM_samples.Rmd’
    
    --- re-building ‘PARAFAC_analysis_of_EEM.Rmd’ using rmarkdown
    Warning in engine$weave(file, quiet = quiet, encoding = enc) :
     Pandoc (>= 1.12.3) and/or pandoc-citeproc not available. Falling back to R Markdown v1.
    Server error [504] for doi "10.1016/0043-1354(72)90017-6", you may want to try again, or BibTeX unavailable for this doi
    no results with relavency score greater than 'min.relevance' successfully retrieved
    Quitting from lines 35-63 (PARAFAC_analysis_of_EEM.Rmd)
    Error: processing vignette 'PARAFAC_analysis_of_EEM.Rmd' failed with diagnostics:
    argument "bibtype" is missing, with no default
    --- failed re-building ‘PARAFAC_analysis_of_EEM.Rmd’
    
    SUMMARY: processing the following files failed:
     ‘Basic_analysis_of_DOM_samples.Rmd’ ‘PARAFAC_analysis_of_EEM.Rmd’
    
    Error: Vignette re-building failed.
    Execution halted
Flavor: r-patched-solaris-x86

Version: 1.1.0
Check: re-building of vignette outputs
Result: WARN
    Error in re-building vignettes:
     ...
    Warning: This metric uses either excitation or emission wavelengths that were not present in the data. Data has been interpolated to fit the requested wavelengths.
    Warning: This metric uses either excitation or emission wavelengths that were not present in the data. Data has been interpolated to fit the requested wavelengths.
    Warning: This metric uses either excitation or emission wavelengths that were not present in the data. Data has been interpolated to fit the requested wavelengths.
    Warning: This metric uses either excitation or emission wavelengths that were not present in the data. Data has been interpolated to fit the requested wavelengths.
    Warning: This metric uses either excitation or emission wavelengths that were not present in the data. Data has been interpolated to fit the requested wavelengths.
    Warning: This metric uses either excitation or emission wavelengths that were not present in the data. Data has been interpolated to fit the requested wavelengths.
    Warning: This metric uses either excitation or emission wavelengths that were not present in the data. Data has been interpolated to fit the requested wavelengths.
    Warning: This metric uses either excitation or emission wavelengths that were not present in the data. Data has been interpolated to fit the requested wavelengths.
    Warning: This metric uses either excitation or emission wavelengths that were not present in the data. Data has been interpolated to fit the requested wavelengths.
    Warning: This metric uses either excitation or emission wavelengths that were not present in the data. Data has been interpolated to fit the requested wavelengths.
    Warning: This metric uses either excitation or emission wavelengths that were not present in the data. Data has been interpolated to fit the requested wavelengths.
    Warning: This metric uses either excitation or emission wavelengths that were not present in the data. Data has been interpolated to fit the requested wavelengths.
    Warning: This metric uses either excitation or emission wavelengths that were not present in the data. Data has been interpolated to fit the requested wavelengths.
    Warning: This metric uses either excitation or emission wavelengths that were not present in the data. Data has been interpolated to fit the requested wavelengths.
    Warning: This metric uses either excitation or emission wavelengths that were not present in the data. Data has been interpolated to fit the requested wavelengths.
    Warning: This metric uses either excitation or emission wavelengths that were not present in the data. Data has been interpolated to fit the requested wavelengths.
    Warning: This metric uses either excitation or emission wavelengths that were not present in the data. Data has been interpolated to fit the requested wavelengths.
    Warning: This metric uses either excitation or emission wavelengths that were not present in the data. Data has been interpolated to fit the requested wavelengths.
    Warning: Removed 2452 rows containing non-finite values (stat_contour).
    Server error [504] for doi "10.4319/lom.2014.12.114", you may want to try again, or BibTeX unavailable for this doi
    no results with relavency score greater than 'min.relevance' successfully retrieved
    Quitting from lines 829-834 (PARAFAC_analysis_of_EEM.Rmd)
    Error: processing vignette 'PARAFAC_analysis_of_EEM.Rmd' failed with diagnostics:
    argument "bibtype" is missing, with no default
    Execution halted
Flavor: r-oldrel-osx-x86_64