CRAN Package Check Results for Package stationaRy

Last updated on 2019-11-26 00:52:14 CET.

Flavor Version Tinstall Tcheck Ttotal Status Flags
r-devel-linux-x86_64-debian-clang 0.5.0 3.87 77.26 81.13 OK
r-devel-linux-x86_64-debian-gcc 0.5.0 3.26 58.49 61.75 ERROR
r-devel-linux-x86_64-fedora-clang 0.5.0 94.08 OK
r-devel-linux-x86_64-fedora-gcc 0.5.0 94.87 OK
r-devel-windows-ix86+x86_64 0.5.0 15.00 173.00 188.00 OK
r-devel-windows-ix86+x86_64-gcc8 0.5.0 8.00 146.00 154.00 OK
r-patched-linux-x86_64 0.5.0 3.25 76.80 80.05 OK
r-patched-solaris-x86 0.5.0 142.70 OK
r-release-linux-x86_64 0.5.0 3.18 78.25 81.43 OK
r-release-windows-ix86+x86_64 0.5.0 8.00 143.00 151.00 OK
r-release-osx-x86_64 0.5.0 OK
r-oldrel-windows-ix86+x86_64 0.5.0 5.00 158.00 163.00 OK
r-oldrel-osx-x86_64 0.5.0 OK

Check Details

Version: 0.5.0
Check: tests
Result: ERROR
     Running ‘testthat.R’ [39s/59s]
    Running the tests in ‘tests/testthat.R’ failed.
    Complete output:
     > library(testthat)
     > library(stationaRy)
     >
     > test_check("stationaRy")
     trying URL 'https://www1.ncdc.noaa.gov/pub/data/noaa/isd-inventory.csv'
     ── 1. Error: The `get_inventory_tbl()` fcn provides the expected table (@test-ge
     cannot open URL 'https://www1.ncdc.noaa.gov/pub/data/noaa/isd-inventory.csv'
     Backtrace:
     1. stationaRy:::get_inventory_tbl()
     2. downloader::download(url = file_location, destfile = temp_file)
     3. utils::download.file(url, method = method, ...)
    
     ══ testthat results ═══════════════════════════════════════════════════════════
     [ OK: 39 | SKIPPED: 0 | WARNINGS: 1 | FAILED: 1 ]
     1. Error: The `get_inventory_tbl()` fcn provides the expected table (@test-get_met_station_data.R#227)
    
     Error: testthat unit tests failed
     Execution halted
Flavor: r-devel-linux-x86_64-debian-gcc