Last updated on 2019-11-26 00:52:14 CET.
Flavor | Version | Tinstall | Tcheck | Ttotal | Status | Flags |
---|---|---|---|---|---|---|
r-devel-linux-x86_64-debian-clang | 0.1.3 | 13.57 | 95.40 | 108.97 | OK | |
r-devel-linux-x86_64-debian-gcc | 0.1.3 | 11.28 | 71.51 | 82.79 | OK | |
r-devel-linux-x86_64-fedora-clang | 0.1.3 | 123.11 | NOTE | |||
r-devel-linux-x86_64-fedora-gcc | 0.1.3 | 118.58 | NOTE | |||
r-devel-windows-ix86+x86_64 | 0.1.3 | 39.00 | 113.00 | 152.00 | OK | |
r-devel-windows-ix86+x86_64-gcc8 | 0.1.3 | 27.00 | 118.00 | 145.00 | OK | |
r-patched-linux-x86_64 | 0.1.3 | 12.81 | 87.96 | 100.77 | OK | |
r-patched-solaris-x86 | 0.1.3 | 166.30 | NOTE | |||
r-release-linux-x86_64 | 0.1.3 | 12.40 | 88.45 | 100.85 | OK | |
r-release-windows-ix86+x86_64 | 0.1.3 | 35.00 | 146.00 | 181.00 | OK | |
r-release-osx-x86_64 | 0.1.3 | NOTE | ||||
r-oldrel-windows-ix86+x86_64 | 0.1.3 | 16.00 | 140.00 | 156.00 | OK | |
r-oldrel-osx-x86_64 | 0.1.3 | NOTE |
Version: 0.1.3
Check: dependencies in R code
Result: NOTE
Namespaces in Imports field not imported from:
‘rlist’ ‘tm’ ‘zoo’
All declared Imports should be used.
Flavors: r-devel-linux-x86_64-fedora-clang, r-devel-linux-x86_64-fedora-gcc, r-patched-solaris-x86, r-release-osx-x86_64, r-oldrel-osx-x86_64