Last updated on 2019-11-26 00:52:14 CET.
Flavor | Version | Tinstall | Tcheck | Ttotal | Status | Flags |
---|---|---|---|---|---|---|
r-devel-linux-x86_64-debian-clang | 0.1.2 | 6.54 | 67.59 | 74.13 | OK | |
r-devel-linux-x86_64-debian-gcc | 0.1.2 | 6.40 | 51.57 | 57.97 | OK | |
r-devel-linux-x86_64-fedora-clang | 0.1.2 | 86.97 | NOTE | |||
r-devel-linux-x86_64-fedora-gcc | 0.1.2 | 84.85 | NOTE | |||
r-devel-windows-ix86+x86_64 | 0.1.2 | 34.00 | 89.00 | 123.00 | OK | |
r-devel-windows-ix86+x86_64-gcc8 | 0.1.2 | 19.00 | 88.00 | 107.00 | OK | |
r-patched-linux-x86_64 | 0.1.2 | 7.52 | 62.74 | 70.26 | OK | |
r-patched-solaris-x86 | 0.1.2 | 148.10 | NOTE | |||
r-release-linux-x86_64 | 0.1.2 | 7.24 | 66.30 | 73.54 | OK | |
r-release-windows-ix86+x86_64 | 0.1.2 | 23.00 | 117.00 | 140.00 | OK | |
r-release-osx-x86_64 | 0.1.2 | NOTE | ||||
r-oldrel-windows-ix86+x86_64 | 0.1.2 | 9.00 | 116.00 | 125.00 | OK | |
r-oldrel-osx-x86_64 | 0.1.2 | NOTE |
Version: 0.1.2
Check: dependencies in R code
Result: NOTE
Namespace in Imports field not imported from: ‘tibble’
All declared Imports should be used.
Flavors: r-devel-linux-x86_64-fedora-clang, r-devel-linux-x86_64-fedora-gcc, r-patched-solaris-x86, r-release-osx-x86_64, r-oldrel-osx-x86_64