Last updated on 2019-11-26 00:52:14 CET.
Flavor | Version | Tinstall | Tcheck | Ttotal | Status | Flags |
---|---|---|---|---|---|---|
r-devel-linux-x86_64-debian-clang | 1.3-1 | 145.96 | 198.62 | 344.58 | WARN | |
r-devel-linux-x86_64-debian-gcc | 1.3-1 | 105.04 | 148.73 | 253.77 | OK | |
r-devel-linux-x86_64-fedora-clang | 1.3-1 | 424.31 | WARN | |||
r-devel-linux-x86_64-fedora-gcc | 1.3-1 | 411.09 | OK | |||
r-devel-windows-ix86+x86_64 | 1.3-1 | 361.00 | 371.00 | 732.00 | NOTE | |
r-devel-windows-ix86+x86_64-gcc8 | 1.3-1 | 343.00 | 302.00 | 645.00 | NOTE | |
r-patched-linux-x86_64 | 1.3-1 | 109.29 | 188.09 | 297.38 | OK | |
r-patched-solaris-x86 | 1.3-1 | 423.70 | OK | |||
r-release-linux-x86_64 | 1.3-1 | 108.91 | 187.62 | 296.53 | OK | |
r-release-windows-ix86+x86_64 | 1.3-1 | 335.00 | 382.00 | 717.00 | NOTE | |
r-release-osx-x86_64 | 1.3-1 | WARN | ||||
r-oldrel-windows-ix86+x86_64 | 1.3-1 | 249.00 | 368.00 | 617.00 | NOTE | |
r-oldrel-osx-x86_64 | 1.3-1 | WARN |
Version: 1.3-1
Check: whether package can be installed
Result: WARN
Found the following significant warnings:
BIRCH/CFTree.cpp:18:6: warning: 'this' pointer cannot be null in well-defined C++ code; comparison may be assumed to always evaluate to true [-Wtautological-undefined-compare]
Flavors: r-devel-linux-x86_64-debian-clang, r-devel-linux-x86_64-fedora-clang, r-release-osx-x86_64, r-oldrel-osx-x86_64
Version: 1.3-1
Check: installed package size
Result: NOTE
installed size is 13.0Mb
sub-directories of 1Mb or more:
doc 1.6Mb
libs 10.6Mb
Flavors: r-devel-linux-x86_64-fedora-clang, r-devel-windows-ix86+x86_64, r-devel-windows-ix86+x86_64-gcc8, r-release-windows-ix86+x86_64, r-release-osx-x86_64, r-oldrel-windows-ix86+x86_64, r-oldrel-osx-x86_64