Last updated on 2019-11-26 00:52:14 CET.
Flavor | Version | Tinstall | Tcheck | Ttotal | Status | Flags |
---|---|---|---|---|---|---|
r-devel-linux-x86_64-debian-clang | 1.0.4 | 6.31 | 58.68 | 64.99 | OK | |
r-devel-linux-x86_64-debian-gcc | 1.0.4 | 5.51 | 45.61 | 51.12 | OK | |
r-devel-linux-x86_64-fedora-clang | 1.0.4 | 75.12 | OK | |||
r-devel-linux-x86_64-fedora-gcc | 1.0.4 | 75.97 | OK | |||
r-devel-windows-ix86+x86_64 | 1.0.4 | 15.00 | 7.00 | 22.00 | ERROR | |
r-devel-windows-ix86+x86_64-gcc8 | 1.0.4 | 9.00 | 6.00 | 15.00 | ERROR | |
r-patched-linux-x86_64 | 1.0.4 | 5.86 | 55.99 | 61.85 | OK | |
r-patched-solaris-x86 | 1.0.4 | 104.20 | OK | |||
r-release-linux-x86_64 | 1.0.4 | 5.83 | 56.25 | 62.08 | OK | |
r-release-windows-ix86+x86_64 | 1.0.4 | 18.00 | 59.00 | 77.00 | OK | |
r-release-osx-x86_64 | 1.0.4 | OK | ||||
r-oldrel-windows-ix86+x86_64 | 1.0.4 | 8.00 | 101.00 | 109.00 | OK | |
r-oldrel-osx-x86_64 | 1.0.4 | OK |
Version: 1.0.4
Check: whether package can be installed
Result: ERROR
Installation failed.
Flavors: r-devel-windows-ix86+x86_64, r-devel-windows-ix86+x86_64-gcc8