CRAN Package Check Results for Package summarytools

Last updated on 2019-11-26 00:52:14 CET.

Flavor Version Tinstall Tcheck Ttotal Status Flags
r-devel-linux-x86_64-debian-clang 0.9.4 16.98 100.35 117.33 OK
r-devel-linux-x86_64-debian-gcc 0.9.4 13.74 76.34 90.08 OK
r-devel-linux-x86_64-fedora-clang 0.9.4 133.87 NOTE
r-devel-linux-x86_64-fedora-gcc 0.9.4 130.66 NOTE
r-devel-windows-ix86+x86_64 0.9.4 42.00 100.00 142.00 OK
r-devel-windows-ix86+x86_64-gcc8 0.9.4 25.00 102.00 127.00 OK
r-patched-linux-x86_64 0.9.4 15.55 97.48 113.03 OK
r-patched-solaris-x86 0.9.4 201.60 NOTE
r-release-linux-x86_64 0.9.4 16.13 97.76 113.89 OK
r-release-windows-ix86+x86_64 0.9.4 31.00 129.00 160.00 OK
r-release-osx-x86_64 0.9.4 WARN
r-oldrel-windows-ix86+x86_64 0.9.4 17.00 154.00 171.00 OK
r-oldrel-osx-x86_64 0.9.4 WARN

Check Details

Version: 0.9.4
Check: data for non-ASCII characters
Result: NOTE
     Note: found 78 marked UTF-8 strings
Flavors: r-devel-linux-x86_64-fedora-clang, r-devel-linux-x86_64-fedora-gcc, r-patched-solaris-x86, r-release-osx-x86_64, r-oldrel-osx-x86_64

Version: 0.9.4
Check: dependencies in R code
Result: NOTE
    No protocol specified
    No protocol specified
    No protocol specified
Flavors: r-release-osx-x86_64, r-oldrel-osx-x86_64

Version: 0.9.4
Check: S3 generic/method consistency
Result: WARN
    No protocol specified
    No protocol specified
    No protocol specified
    See section ‘Generic functions and methods’ in the ‘Writing R
    Extensions’ manual.
Flavors: r-release-osx-x86_64, r-oldrel-osx-x86_64

Version: 0.9.4
Check: replacement functions
Result: WARN
    No protocol specified
    No protocol specified
    No protocol specified
    The argument of a replacement function which corresponds to the right
    hand side must be named ‘value’.
Flavors: r-release-osx-x86_64, r-oldrel-osx-x86_64

Version: 0.9.4
Check: foreign function calls
Result: NOTE
    No protocol specified
    No protocol specified
    No protocol specified
    See chapter ‘System and foreign language interfaces’ in the ‘Writing R
    Extensions’ manual.
Flavors: r-release-osx-x86_64, r-oldrel-osx-x86_64

Version: 0.9.4
Check: R code for possible problems
Result: NOTE
    No protocol specified
    No protocol specified
Flavors: r-release-osx-x86_64, r-oldrel-osx-x86_64

Version: 0.9.4
Check: for missing documentation entries
Result: WARN
    No protocol specified
    No protocol specified
    No protocol specified
    All user-level objects in a package should have documentation entries.
    See chapter ‘Writing R documentation files’ in the ‘Writing R
    Extensions’ manual.
Flavors: r-release-osx-x86_64, r-oldrel-osx-x86_64

Version: 0.9.4
Check: for code/documentation mismatches
Result: WARN
    No protocol specified
    No protocol specified
    No protocol specified
    No protocol specified
    No protocol specified
    No protocol specified
    No protocol specified
    No protocol specified
    No protocol specified
Flavors: r-release-osx-x86_64, r-oldrel-osx-x86_64

Version: 0.9.4
Check: Rd \usage sections
Result: NOTE
    No protocol specified
    No protocol specified
    No protocol specified
    The \usage entries for S3 methods should use the \method markup and not
    their full name.
    See chapter ‘Writing R documentation files’ in the ‘Writing R
    Extensions’ manual.
Flavors: r-release-osx-x86_64, r-oldrel-osx-x86_64