Last updated on 2019-11-26 00:52:14 CET.
Flavor | Version | Tinstall | Tcheck | Ttotal | Status | Flags |
---|---|---|---|---|---|---|
r-devel-linux-x86_64-debian-clang | 1.0 | 3.07 | 33.49 | 36.56 | NOTE | |
r-devel-linux-x86_64-debian-gcc | 1.0 | 2.12 | 25.89 | 28.01 | NOTE | |
r-devel-linux-x86_64-fedora-clang | 1.0 | 41.39 | NOTE | |||
r-devel-linux-x86_64-fedora-gcc | 1.0 | 40.53 | NOTE | |||
r-devel-windows-ix86+x86_64 | 1.0 | 7.00 | 43.00 | 50.00 | NOTE | |
r-devel-windows-ix86+x86_64-gcc8 | 1.0 | 8.00 | 45.00 | 53.00 | NOTE | |
r-patched-linux-x86_64 | 1.0 | 2.83 | 32.20 | 35.03 | NOTE | |
r-patched-solaris-x86 | 1.0 | 58.50 | NOTE | |||
r-release-linux-x86_64 | 1.0 | 2.22 | 32.98 | 35.20 | NOTE | |
r-release-windows-ix86+x86_64 | 1.0 | 9.00 | 49.00 | 58.00 | NOTE | |
r-release-osx-x86_64 | 1.0 | NOTE | ||||
r-oldrel-windows-ix86+x86_64 | 1.0 | 3.00 | 40.00 | 43.00 | NOTE | |
r-oldrel-osx-x86_64 | 1.0 | NOTE |
Version: 1.0
Check: R code for possible problems
Result: NOTE
supcluster : itgamma: no visible global function definition for
'rgamma'
supcluster : itgamma: no visible global function definition for
'dgamma'
supcluster : itgamma: no visible global function definition for 'runif'
supcluster : itbeta: no visible global function definition for 'rnorm'
supcluster : itbeta: no visible global function definition for 'runif'
supcluster : itj: no visible global function definition for 'dmultinom'
supcluster: no visible global function definition for 'kmeans'
tab1: no visible global function definition for 'image'
tab1: no visible global function definition for 'gray'
tab1: no visible global function definition for 'var'
Undefined global functions or variables:
dgamma dmultinom gray image kmeans rgamma rnorm runif var
Consider adding
importFrom("grDevices", "gray")
importFrom("graphics", "image")
importFrom("stats", "dgamma", "dmultinom", "kmeans", "rgamma", "rnorm",
"runif", "var")
to your NAMESPACE file.
Flavors: r-devel-linux-x86_64-debian-clang, r-devel-linux-x86_64-debian-gcc, r-devel-linux-x86_64-fedora-clang, r-devel-linux-x86_64-fedora-gcc, r-devel-windows-ix86+x86_64, r-devel-windows-ix86+x86_64-gcc8, r-patched-linux-x86_64, r-patched-solaris-x86, r-release-linux-x86_64, r-release-windows-ix86+x86_64, r-release-osx-x86_64, r-oldrel-windows-ix86+x86_64, r-oldrel-osx-x86_64