Last updated on 2019-11-26 00:52:14 CET.
Flavor | Version | Tinstall | Tcheck | Ttotal | Status | Flags |
---|---|---|---|---|---|---|
r-devel-linux-x86_64-debian-clang | 0.1.1 | 10.26 | 75.10 | 85.36 | OK | |
r-devel-linux-x86_64-debian-gcc | 0.1.1 | 9.43 | 59.17 | 68.60 | OK | |
r-devel-linux-x86_64-fedora-clang | 0.1.1 | 94.68 | NOTE | |||
r-devel-linux-x86_64-fedora-gcc | 0.1.1 | 95.79 | NOTE | |||
r-devel-windows-ix86+x86_64 | 0.1.1 | 42.00 | 118.00 | 160.00 | OK | |
r-devel-windows-ix86+x86_64-gcc8 | 0.1.1 | 25.00 | 91.00 | 116.00 | OK | |
r-patched-linux-x86_64 | 0.1.1 | 9.68 | 71.72 | 81.40 | OK | |
r-patched-solaris-x86 | 0.1.1 | 151.10 | NOTE | |||
r-release-linux-x86_64 | 0.1.1 | 9.48 | 73.61 | 83.09 | OK | |
r-release-windows-ix86+x86_64 | 0.1.1 | 29.00 | 80.00 | 109.00 | OK | |
r-release-osx-x86_64 | 0.1.1 | WARN | ||||
r-oldrel-windows-ix86+x86_64 | 0.1.1 | 13.00 | 138.00 | 151.00 | OK | |
r-oldrel-osx-x86_64 | 0.1.1 | NOTE |
Version: 0.1.1
Check: dependencies in R code
Result: NOTE
Namespaces in Imports field not imported from:
‘DiceOptim’ ‘GPareto’ ‘rgenoud’
All declared Imports should be used.
Flavors: r-devel-linux-x86_64-fedora-clang, r-devel-linux-x86_64-fedora-gcc, r-patched-solaris-x86, r-release-osx-x86_64, r-oldrel-osx-x86_64
Version: 0.1.1
Check: whether package can be installed
Result: WARN
Found the following significant warnings:
Warning: 'rgl_init' failed, running with rgl.useNULL = TRUE
Flavor: r-release-osx-x86_64