Last updated on 2019-11-26 00:52:15 CET.
Flavor | Version | Tinstall | Tcheck | Ttotal | Status | Flags |
---|---|---|---|---|---|---|
r-devel-linux-x86_64-debian-clang | 1.0.4 | 12.48 | 143.82 | 156.30 | OK | |
r-devel-linux-x86_64-debian-gcc | 1.0.4 | 10.54 | 112.32 | 122.86 | OK | |
r-devel-linux-x86_64-fedora-clang | 1.0.4 | 182.80 | NOTE | |||
r-devel-linux-x86_64-fedora-gcc | 1.0.4 | 188.64 | OK | |||
r-devel-windows-ix86+x86_64 | 1.0.4 | 33.00 | 190.00 | 223.00 | OK | |
r-devel-windows-ix86+x86_64-gcc8 | 1.0.4 | 19.00 | 155.00 | 174.00 | OK | |
r-patched-linux-x86_64 | 1.0.4 | 10.47 | 141.24 | 151.71 | OK | |
r-patched-solaris-x86 | 1.0.4 | 324.40 | NOTE | |||
r-release-linux-x86_64 | 1.0.4 | 11.64 | 145.33 | 156.97 | OK | |
r-release-windows-ix86+x86_64 | 1.0.4 | 25.00 | 185.00 | 210.00 | OK | |
r-release-osx-x86_64 | 1.0.4 | OK | ||||
r-oldrel-windows-ix86+x86_64 | 1.0.4 | 15.00 | 205.00 | 220.00 | OK | |
r-oldrel-osx-x86_64 | 1.0.4 | OK |
Version: 1.0.4
Check: installed package size
Result: NOTE
installed size is 5.0Mb
sub-directories of 1Mb or more:
R 1.3Mb
extdata 3.1Mb
Flavors: r-devel-linux-x86_64-fedora-clang, r-patched-solaris-x86