CRAN Package Check Results for Package tailr

Last updated on 2019-11-26 00:52:15 CET.

Flavor Version Tinstall Tcheck Ttotal Status Flags
r-devel-linux-x86_64-debian-clang 0.1.3 1.81 20.96 22.77 NOTE
r-devel-linux-x86_64-debian-gcc 0.1.3 1.71 16.79 18.50 NOTE
r-devel-linux-x86_64-fedora-clang 0.1.3 27.72 NOTE
r-devel-linux-x86_64-fedora-gcc 0.1.3 27.22 NOTE
r-devel-windows-ix86+x86_64 0.1.3 8.00 43.00 51.00 OK
r-devel-windows-ix86+x86_64-gcc8 0.1.3 8.00 34.00 42.00 NOTE
r-patched-linux-x86_64 0.1.3 1.73 20.55 22.28 NOTE
r-patched-solaris-x86 0.1.3 42.00 NOTE
r-release-linux-x86_64 0.1.3 1.81 21.03 22.84 NOTE
r-release-windows-ix86+x86_64 0.1.3 5.00 33.00 38.00 OK
r-release-osx-x86_64 0.1.3 NOTE
r-oldrel-windows-ix86+x86_64 0.1.3 2.00 47.00 49.00 OK
r-oldrel-osx-x86_64 0.1.3 OK

Check Details

Version: 0.1.3
Check: package dependencies
Result: NOTE
    Package suggested but not available for checking: 'pmatch'
Flavors: r-devel-linux-x86_64-debian-clang, r-devel-linux-x86_64-debian-gcc, r-devel-linux-x86_64-fedora-clang, r-devel-linux-x86_64-fedora-gcc, r-devel-windows-ix86+x86_64-gcc8, r-patched-linux-x86_64, r-patched-solaris-x86, r-release-linux-x86_64, r-release-osx-x86_64