CRAN Package Check Results for Package tealeaves

Last updated on 2019-11-26 00:52:15 CET.

Flavor Version Tinstall Tcheck Ttotal Status Flags
r-devel-linux-x86_64-debian-clang 1.0.0 4.16 60.88 65.04 OK
r-devel-linux-x86_64-debian-gcc 1.0.0 3.80 46.61 50.41 OK
r-devel-linux-x86_64-fedora-clang 1.0.0 78.20 NOTE
r-devel-linux-x86_64-fedora-gcc 1.0.0 74.40 NOTE
r-devel-windows-ix86+x86_64 1.0.0 20.00 78.00 98.00 WARN
r-devel-windows-ix86+x86_64-gcc8 1.0.0 11.00 80.00 91.00 OK
r-patched-linux-x86_64 1.0.0 4.38 58.11 62.49 OK
r-patched-solaris-x86 1.0.0 110.10 NOTE
r-release-linux-x86_64 1.0.0 4.68 59.96 64.64 OK
r-release-windows-ix86+x86_64 1.0.0 11.00 80.00 91.00 WARN
r-release-osx-x86_64 1.0.0 NOTE
r-oldrel-windows-ix86+x86_64 1.0.0 5.00 103.00 108.00 OK
r-oldrel-osx-x86_64 1.0.0 NOTE

Check Details

Version: 1.0.0
Check: dependencies in R code
Result: NOTE
    Namespaces in Imports field not imported from:
     ‘ggplot2’ ‘tidyr’
     All declared Imports should be used.
Flavors: r-devel-linux-x86_64-fedora-clang, r-devel-linux-x86_64-fedora-gcc, r-patched-solaris-x86, r-release-osx-x86_64, r-oldrel-osx-x86_64

Version: 1.0.0
Check: re-building of vignette outputs
Result: WARN
    Error(s) in re-building vignettes:
    --- re-building 'tealeaves-intermediate.Rmd' using rmarkdown
    --- finished re-building 'tealeaves-intermediate.Rmd'
    
    Warning in file(con, "r") :
     cannot open file 'D:\temp\RtmpEPNppn\file2b0050c8bc4': Permission denied
    Error in file(con, "r") : cannot open the connection
    Calls: <Anonymous> -> readLines -> file
    Execution halted
Flavor: r-devel-windows-ix86+x86_64

Version: 1.0.0
Check: re-building of vignette outputs
Result: WARN
    Error(s) in re-building vignettes:
    --- re-building 'tealeaves-intermediate.Rmd' using rmarkdown
    --- finished re-building 'tealeaves-intermediate.Rmd'
    
    Warning in file(con, "r") :
     cannot open file 'D:\temp\Rtmp6jiL0t\file217c02d382e8a': Permission denied
    Error in file(con, "r") : cannot open the connection
    Calls: <Anonymous> -> readLines -> file
    Execution halted
Flavor: r-release-windows-ix86+x86_64