CRAN Package Check Results for Package textreadr

Last updated on 2019-11-26 00:52:15 CET.

Flavor Version Tinstall Tcheck Ttotal Status Flags
r-devel-linux-x86_64-debian-clang 0.9.0 3.75 34.68 38.43 OK
r-devel-linux-x86_64-debian-gcc 0.9.0 2.92 25.85 28.77 OK
r-devel-linux-x86_64-fedora-clang 0.9.0 42.61 OK
r-devel-linux-x86_64-fedora-gcc 0.9.0 40.80 OK
r-devel-windows-ix86+x86_64 0.9.0 14.00 63.00 77.00 OK
r-devel-windows-ix86+x86_64-gcc8 0.9.0 10.00 48.00 58.00 OK
r-patched-linux-x86_64 0.9.0 3.19 31.87 35.06 OK
r-patched-solaris-x86 0.9.0 65.90 NOTE
r-release-linux-x86_64 0.9.0 3.46 32.32 35.78 OK
r-release-windows-ix86+x86_64 0.9.0 11.00 67.00 78.00 OK
r-release-osx-x86_64 0.9.0 OK
r-oldrel-windows-ix86+x86_64 0.9.0 6.00 64.00 70.00 OK
r-oldrel-osx-x86_64 0.9.0 OK

Check Details

Version: 0.9.0
Check: package dependencies
Result: NOTE
    Package suggested but not available for checking: ‘tesseract’
Flavor: r-patched-solaris-x86

Version: 0.9.0
Check: Rd cross-references
Result: NOTE
    Package unavailable to check Rd xrefs: ‘tesseract’
Flavor: r-patched-solaris-x86