CRAN Package Check Results for Package tgp

Last updated on 2019-11-26 00:52:15 CET.

Flavor Version Tinstall Tcheck Ttotal Status Flags
r-devel-linux-x86_64-debian-clang 2.4-14 29.04 277.24 306.28 OK --no-vignettes
r-devel-linux-x86_64-debian-gcc 2.4-14 20.26 212.89 233.15 OK --no-vignettes
r-devel-linux-x86_64-fedora-clang 2.4-14 386.67 NOTE --no-vignettes
r-devel-linux-x86_64-fedora-gcc 2.4-14 365.03 NOTE --no-vignettes
r-devel-windows-ix86+x86_64 2.4-14 98.00 77.00 175.00 OK --no-examples --no-tests --no-vignettes
r-devel-windows-ix86+x86_64-gcc8 2.4-14 94.00 62.00 156.00 OK --no-examples --no-tests --no-vignettes
r-patched-linux-x86_64 2.4-14 21.45 272.04 293.49 OK --no-vignettes
r-patched-solaris-x86 2.4-14 445.70 OK --no-vignettes
r-release-linux-x86_64 2.4-14 21.99 271.94 293.93 OK --no-vignettes
r-release-windows-ix86+x86_64 2.4-14 93.00 61.00 154.00 OK --no-examples --no-tests --no-vignettes
r-release-osx-x86_64 2.4-14 OK --no-vignettes
r-oldrel-windows-ix86+x86_64 2.4-14 57.00 84.00 141.00 ERROR --no-examples --no-tests --no-vignettes
r-oldrel-osx-x86_64 2.4-14 OK --no-vignettes

Check Details

Version: 2.4-14
Flags: --no-vignettes
Check: compiled code
Result: NOTE
    File ‘tgp/libs/tgp.so’:
     Found no calls to: ‘R_registerRoutines’, ‘R_useDynamicSymbols’
    
    It is good practice to register native routines and to disable symbol
    search.
    
    See ‘Writing portable packages’ in the ‘Writing R Extensions’ manual.
Flavors: r-devel-linux-x86_64-fedora-clang, r-devel-linux-x86_64-fedora-gcc

Version: 2.4-14
Flags: --no-examples --no-tests --no-vignettes
Check: Rd files
Result: WARN
    Error writing to connection
    Error writing to connection: No space left on device
    cannot open the connection
    cannot open the connection
    cannot open the connection
    cannot open the connection
    cannot open the connection
    cannot open the connection
    cannot open the connection
    cannot open the connection
    cannot open the connection
    cannot open the connection
    cannot open the connection
    cannot open the connection
    cannot open the connection
    cannot open the connection
    cannot open the connection
    cannot open the connection
    cannot open the connection
    cannot open the connection
    cannot open the connection
    problems found in 'btgp.Rd', 'default.itemps.Rd', 'dopt.gp.Rd', 'exp2d.Rd', 'exp2d.Z.Rd', 'exp2d.rand.Rd', 'friedman.1.data.Rd', 'interp.loess.Rd', 'itemps.Rd', 'lhs.Rd', 'mapT.Rd', 'optim.tgp.Rd', 'partition.Rd', 'plot.tgp.Rd', 'predict.tgp.Rd', 'sens.Rd', 'tgp-internal.Rd', 'tgp-package.Rd', 'tgp.default.params.Rd', 'tgp.design.Rd', 'tgp.trees.Rd'
Flavor: r-oldrel-windows-ix86+x86_64

Version: 2.4-14
Flags: --no-examples --no-tests --no-vignettes
Check: for unstated dependencies in examples
Result: WARN
    Warning: parse error in file 'tgp-Ex.R':
    156:8: unexpected string constant
    158: cleanEx()
    159: nameEx("
     ^
Flavor: r-oldrel-windows-ix86+x86_64

Version: 2.4-14
Flags: --no-examples --no-tests --no-vignettes
Check: PDF version of manual
Result: ERROR
    Rd conversion errors:
    Error in writeLines(x, con, useBytes = TRUE, ...) :
     Error writing to connection: No space left on device
Flavor: r-oldrel-windows-ix86+x86_64