CRAN Package Check Results for Package tibbleOne

Last updated on 2019-11-26 00:52:15 CET.

Flavor Version Tinstall Tcheck Ttotal Status Flags
r-devel-linux-x86_64-debian-clang 0.1.0 8.76 71.02 79.78 OK
r-devel-linux-x86_64-debian-gcc 0.1.0 6.98 54.26 61.24 OK
r-devel-linux-x86_64-fedora-clang 0.1.0 88.58 NOTE
r-devel-linux-x86_64-fedora-gcc 0.1.0 85.16 NOTE
r-devel-windows-ix86+x86_64 0.1.0 35.00 89.00 124.00 OK
r-devel-windows-ix86+x86_64-gcc8 0.1.0 17.00 91.00 108.00 OK
r-patched-linux-x86_64 0.1.0 8.24 67.88 76.12 OK
r-patched-solaris-x86 0.1.0 135.40 NOTE
r-release-linux-x86_64 0.1.0 6.37 70.20 76.57 OK
r-release-windows-ix86+x86_64 0.1.0 24.00 129.00 153.00 OK
r-release-osx-x86_64 0.1.0 NOTE
r-oldrel-windows-ix86+x86_64 0.1.0 10.00 122.00 132.00 OK
r-oldrel-osx-x86_64 0.1.0 NOTE

Check Details

Version: 0.1.0
Check: dependencies in R code
Result: NOTE
    Namespace in Imports field not imported from: ‘lifecycle’
     All declared Imports should be used.
Flavors: r-devel-linux-x86_64-fedora-clang, r-devel-linux-x86_64-fedora-gcc, r-patched-solaris-x86, r-release-osx-x86_64, r-oldrel-osx-x86_64