CRAN Package Check Results for Package tidyUSDA

Last updated on 2019-11-26 00:52:15 CET.

Flavor Version Tinstall Tcheck Ttotal Status Flags
r-devel-linux-x86_64-debian-clang 0.2.4 3.51 43.56 47.07 OK
r-devel-linux-x86_64-debian-gcc 0.2.4 2.57 35.35 37.92 OK
r-devel-linux-x86_64-fedora-clang 0.2.4 54.50 NOTE
r-devel-linux-x86_64-fedora-gcc 0.2.4 53.37 NOTE
r-devel-windows-ix86+x86_64 0.2.4 18.00 60.00 78.00 OK
r-devel-windows-ix86+x86_64-gcc8 0.2.4 11.00 65.00 76.00 OK
r-patched-linux-x86_64 0.2.4 3.00 42.72 45.72 OK
r-patched-solaris-x86 0.2.4 78.90 NOTE
r-release-linux-x86_64 0.2.4 2.93 42.84 45.77 OK
r-release-windows-ix86+x86_64 0.2.4 11.00 83.00 94.00 OK
r-release-osx-x86_64 0.2.4 NOTE
r-oldrel-windows-ix86+x86_64 0.1.0 3.00 48.00 51.00 OK
r-oldrel-osx-x86_64 0.2.4 ERROR

Check Details

Version: 0.2.4
Check: dependencies in R code
Result: NOTE
    Namespaces in Imports field not imported from:
     ‘curl’ ‘keyring’ ‘nlme’ ‘rgdal’ ‘stringi’ ‘usethis’
     All declared Imports should be used.
Flavors: r-devel-linux-x86_64-fedora-clang, r-devel-linux-x86_64-fedora-gcc, r-patched-solaris-x86, r-release-osx-x86_64

Version: 0.2.4
Check: whether package can be installed
Result: ERROR
    Installation failed.
Flavor: r-oldrel-osx-x86_64