CRAN Package Check Results for Package tidyselect

Last updated on 2019-11-26 00:52:15 CET.

Flavor Version Tinstall Tcheck Ttotal Status Flags
r-devel-linux-x86_64-debian-clang 0.2.5 16.85 31.02 47.87 OK
r-devel-linux-x86_64-debian-gcc 0.2.5 13.32 24.77 38.09 OK
r-devel-linux-x86_64-fedora-clang 0.2.5 63.22 OK
r-devel-linux-x86_64-fedora-gcc 0.2.5 59.88 OK
r-devel-windows-ix86+x86_64 0.2.5 1.00 7.00 8.00 ERROR
r-devel-windows-ix86+x86_64-gcc8 0.2.5 53.00 72.00 125.00 OK
r-patched-linux-x86_64 0.2.5 14.01 29.87 43.88 OK
r-patched-solaris-x86 0.2.5 83.90 OK
r-release-linux-x86_64 0.2.5 14.90 31.21 46.11 OK
r-release-windows-ix86+x86_64 0.2.5 51.00 73.00 124.00 OK
r-release-osx-x86_64 0.2.5 OK
r-oldrel-windows-ix86+x86_64 0.2.5 34.00 90.00 124.00 OK
r-oldrel-osx-x86_64 0.2.5 OK

Check Details

Version: 0.2.5
Check: whether package can be installed
Result: ERROR
    Installation failed.
Flavor: r-devel-windows-ix86+x86_64